{"id":188463,"date":"2019-03-19T12:28:53","date_gmt":"2019-03-19T11:28:53","guid":{"rendered":"https:\/\/www2.omnium.cat\/?post_type=tribe_events&#038;p=188463"},"modified":"2019-03-26T13:51:26","modified_gmt":"2019-03-26T12:51:26","slug":"vine-a-veurens-a-la-propera-parada-i-collabora-amb-omnium-pallars","status":"publish","type":"tribe_events","link":"https:\/\/www.omnium.cat\/ca\/activitat\/vine-a-veurens-a-la-propera-parada-i-collabora-amb-omnium-pallars\/","title":{"rendered":"Vine a veure\u2019ns a la propera parada i col\u00b7labora amb \u00d2mnium Pallars"},"content":{"rendered":"<p>Els propers dies tindr\u00e0 lloc, arreu del pa\u00eds, una marat\u00f3 de parades d\u2019<strong>\u00d2mnium Cultural<\/strong>\u00a0pensades per poder informar de la situaci\u00f3 actual i denunciar el Judici a la Democr\u00e0cia.<\/p>\n<p>&nbsp;<\/p>\n<p><strong>Parada \u00d2mnium Pallars Juss\u00e0:<\/strong><\/p>\n<p><strong>Dilluns, 25 d&#8217;abril<\/strong><\/p>\n<p><strong>De 10 a 13 h<\/strong><\/p>\n<p><strong>Mercat local de Tremp<\/strong><\/p>\n<p>&nbsp;<\/p>\n<p><strong>Parada \u00d2mnium Pallars Sobir\u00e0:<\/strong><\/p>\n<p><strong>Dimarts, 26 de mar\u00e7<\/strong><\/p>\n<p><strong>De 10 a 13.30 h<\/strong><\/p>\n<p><strong>Mercat local de Sort (al pont del Riuet)<\/strong><\/p>\n<p>&nbsp;<\/p>\n<p>&nbsp;<\/p>\n<p>&nbsp;<\/p>\n<p>&nbsp;<\/p>\n","protected":false},"excerpt":{"rendered":"<p>Els propers dies tindr\u00e0 lloc, arreu del pa\u00eds, una marat\u00f3 de parades d\u2019\u00d2mnium Cultural\u00a0pensades per poder informar de la situaci\u00f3 actual i denunciar el Judici a la Democr\u00e0cia. &nbsp; Parada [&hellip;]<\/p>\n","protected":false},"author":120,"featured_media":189700,"template":"","meta":{"_acf_changed":false,"_tribe_events_status":"","_tribe_events_status_reason":"","_tribe_events_is_hybrid":"","_tribe_events_is_virtual":"","_tribe_events_virtual_video_source":"","_tribe_events_virtual_embed_video":"","_tribe_events_virtual_linked_button_text":"","_tribe_events_virtual_linked_button":"","_tribe_events_virtual_show_embed_at":"","_tribe_events_virtual_show_embed_to":[],"_tribe_events_virtual_show_on_event":"","_tribe_events_virtual_show_on_views":"","_tribe_events_virtual_url":"","footnotes":""},"tags":[],"post_headquarter":[3120],"post_project":[],"tribe_events_cat":[],"class_list":["post-188463","tribe_events","type-tribe_events","status-publish","has-post-thumbnail","hentry","post_headquarter-pallars"],"acf":[],"yoast_head":"<!-- This site is optimized with the Yoast SEO plugin v27.2 - https:\/\/yoast.com\/product\/yoast-seo-wordpress\/ -->\n<title>Vine a veure\u2019ns a la propera parada i col\u00b7labora amb \u00d2mnium Pallars - \u00d2mnium Cultural<\/title>\n<meta name=\"robots\" content=\"index, follow, max-snippet:-1, max-image-preview:large, max-video-preview:-1\" \/>\n<link rel=\"canonical\" href=\"https:\/\/www.omnium.cat\/ca\/activitat\/vine-a-veurens-a-la-propera-parada-i-collabora-amb-omnium-pallars\/\" \/>\n<script type=\"application\/ld+json\" class=\"yoast-schema-graph\">{\"@context\":\"https:\/\/schema.org\",\"@graph\":[{\"@type\":\"WebPage\",\"@id\":\"https:\/\/www.omnium.cat\/ca\/activitat\/vine-a-veurens-a-la-propera-parada-i-collabora-amb-omnium-pallars\/\",\"url\":\"https:\/\/www.omnium.cat\/ca\/activitat\/vine-a-veurens-a-la-propera-parada-i-collabora-amb-omnium-pallars\/\",\"name\":\"Vine a veure\u2019ns a la propera parada i col\u00b7labora amb \u00d2mnium Pallars - \u00d2mnium Cultural\",\"isPartOf\":{\"@id\":\"https:\/\/www.omnium.cat\/ca\/#website\"},\"primaryImageOfPage\":{\"@id\":\"https:\/\/www.omnium.cat\/ca\/activitat\/vine-a-veurens-a-la-propera-parada-i-collabora-amb-omnium-pallars\/#primaryimage\"},\"image\":{\"@id\":\"https:\/\/www.omnium.cat\/ca\/activitat\/vine-a-veurens-a-la-propera-parada-i-collabora-amb-omnium-pallars\/#primaryimage\"},\"thumbnailUrl\":\"https:\/\/cdn.omnium.cat\/wp-content\/uploads\/2019\/03\/01010803\/Postal-FB-_-TW-Sort-2.jpg\",\"datePublished\":\"2019-03-19T11:28:53+00:00\",\"dateModified\":\"2019-03-26T12:51:26+00:00\",\"breadcrumb\":{\"@id\":\"https:\/\/www.omnium.cat\/ca\/activitat\/vine-a-veurens-a-la-propera-parada-i-collabora-amb-omnium-pallars\/#breadcrumb\"},\"inLanguage\":\"ca\",\"potentialAction\":[{\"@type\":\"ReadAction\",\"target\":[\"https:\/\/www.omnium.cat\/ca\/activitat\/vine-a-veurens-a-la-propera-parada-i-collabora-amb-omnium-pallars\/\"]}]},{\"@type\":\"ImageObject\",\"inLanguage\":\"ca\",\"@id\":\"https:\/\/www.omnium.cat\/ca\/activitat\/vine-a-veurens-a-la-propera-parada-i-collabora-amb-omnium-pallars\/#primaryimage\",\"url\":\"https:\/\/cdn.omnium.cat\/wp-content\/uploads\/2019\/03\/01010803\/Postal-FB-_-TW-Sort-2.jpg\",\"contentUrl\":\"https:\/\/cdn.omnium.cat\/wp-content\/uploads\/2019\/03\/01010803\/Postal-FB-_-TW-Sort-2.jpg\",\"width\":1012,\"height\":506},{\"@type\":\"BreadcrumbList\",\"@id\":\"https:\/\/www.omnium.cat\/ca\/activitat\/vine-a-veurens-a-la-propera-parada-i-collabora-amb-omnium-pallars\/#breadcrumb\",\"itemListElement\":[{\"@type\":\"ListItem\",\"position\":1,\"name\":\"Inici\",\"item\":\"https:\/\/www.omnium.cat\/ca\/\"},{\"@type\":\"ListItem\",\"position\":2,\"name\":\"Esdeveniments\",\"item\":\"https:\/\/www.omnium.cat\/ca\/llistat-activitats\/\"},{\"@type\":\"ListItem\",\"position\":3,\"name\":\"Vine a veure\u2019ns a la propera parada i col\u00b7labora amb \u00d2mnium Pallars\"}]},{\"@type\":\"WebSite\",\"@id\":\"https:\/\/www.omnium.cat\/ca\/#website\",\"url\":\"https:\/\/www.omnium.cat\/ca\/\",\"name\":\"\u00d2mnium Cultural\",\"description\":\"Llengua Cultura Pa\u00eds\",\"publisher\":{\"@id\":\"https:\/\/www.omnium.cat\/ca\/#organization\"},\"potentialAction\":[{\"@type\":\"SearchAction\",\"target\":{\"@type\":\"EntryPoint\",\"urlTemplate\":\"https:\/\/www.omnium.cat\/ca\/?s={search_term_string}\"},\"query-input\":{\"@type\":\"PropertyValueSpecification\",\"valueRequired\":true,\"valueName\":\"search_term_string\"}}],\"inLanguage\":\"ca\"},{\"@type\":\"Organization\",\"@id\":\"https:\/\/www.omnium.cat\/ca\/#organization\",\"name\":\"\u00d2mnium Cultural\",\"url\":\"https:\/\/www.omnium.cat\/ca\/\",\"logo\":{\"@type\":\"ImageObject\",\"inLanguage\":\"ca\",\"@id\":\"https:\/\/www.omnium.cat\/ca\/#\/schema\/logo\/image\/\",\"url\":\"https:\/\/cdn.omnium.cat\/wp-content\/uploads\/2019\/06\/01112517\/cropped-omnium_logo-1.png\",\"contentUrl\":\"https:\/\/cdn.omnium.cat\/wp-content\/uploads\/2019\/06\/01112517\/cropped-omnium_logo-1.png\",\"width\":1213,\"height\":262,\"caption\":\"\u00d2mnium Cultural\"},\"image\":{\"@id\":\"https:\/\/www.omnium.cat\/ca\/#\/schema\/logo\/image\/\"},\"sameAs\":[\"https:\/\/www.facebook.com\/omniumcultural\",\"https:\/\/x.com\/omnium\",\"https:\/\/www.instagram.com\/omniumcultural\/\",\"https:\/\/www.youtube.com\/user\/omniumcultural\"]}]}<\/script>\n<!-- \/ Yoast SEO plugin. -->","yoast_head_json":{"title":"Vine a veure\u2019ns a la propera parada i col\u00b7labora amb \u00d2mnium Pallars - \u00d2mnium Cultural","robots":{"index":"index","follow":"follow","max-snippet":"max-snippet:-1","max-image-preview":"max-image-preview:large","max-video-preview":"max-video-preview:-1"},"canonical":"https:\/\/www.omnium.cat\/ca\/activitat\/vine-a-veurens-a-la-propera-parada-i-collabora-amb-omnium-pallars\/","schema":{"@context":"https:\/\/schema.org","@graph":[{"@type":"WebPage","@id":"https:\/\/www.omnium.cat\/ca\/activitat\/vine-a-veurens-a-la-propera-parada-i-collabora-amb-omnium-pallars\/","url":"https:\/\/www.omnium.cat\/ca\/activitat\/vine-a-veurens-a-la-propera-parada-i-collabora-amb-omnium-pallars\/","name":"Vine a veure\u2019ns a la propera parada i col\u00b7labora amb \u00d2mnium Pallars - \u00d2mnium Cultural","isPartOf":{"@id":"https:\/\/www.omnium.cat\/ca\/#website"},"primaryImageOfPage":{"@id":"https:\/\/www.omnium.cat\/ca\/activitat\/vine-a-veurens-a-la-propera-parada-i-collabora-amb-omnium-pallars\/#primaryimage"},"image":{"@id":"https:\/\/www.omnium.cat\/ca\/activitat\/vine-a-veurens-a-la-propera-parada-i-collabora-amb-omnium-pallars\/#primaryimage"},"thumbnailUrl":"https:\/\/cdn.omnium.cat\/wp-content\/uploads\/2019\/03\/01010803\/Postal-FB-_-TW-Sort-2.jpg","datePublished":"2019-03-19T11:28:53+00:00","dateModified":"2019-03-26T12:51:26+00:00","breadcrumb":{"@id":"https:\/\/www.omnium.cat\/ca\/activitat\/vine-a-veurens-a-la-propera-parada-i-collabora-amb-omnium-pallars\/#breadcrumb"},"inLanguage":"ca","potentialAction":[{"@type":"ReadAction","target":["https:\/\/www.omnium.cat\/ca\/activitat\/vine-a-veurens-a-la-propera-parada-i-collabora-amb-omnium-pallars\/"]}]},{"@type":"ImageObject","inLanguage":"ca","@id":"https:\/\/www.omnium.cat\/ca\/activitat\/vine-a-veurens-a-la-propera-parada-i-collabora-amb-omnium-pallars\/#primaryimage","url":"https:\/\/cdn.omnium.cat\/wp-content\/uploads\/2019\/03\/01010803\/Postal-FB-_-TW-Sort-2.jpg","contentUrl":"https:\/\/cdn.omnium.cat\/wp-content\/uploads\/2019\/03\/01010803\/Postal-FB-_-TW-Sort-2.jpg","width":1012,"height":506},{"@type":"BreadcrumbList","@id":"https:\/\/www.omnium.cat\/ca\/activitat\/vine-a-veurens-a-la-propera-parada-i-collabora-amb-omnium-pallars\/#breadcrumb","itemListElement":[{"@type":"ListItem","position":1,"name":"Inici","item":"https:\/\/www.omnium.cat\/ca\/"},{"@type":"ListItem","position":2,"name":"Esdeveniments","item":"https:\/\/www.omnium.cat\/ca\/llistat-activitats\/"},{"@type":"ListItem","position":3,"name":"Vine a veure\u2019ns a la propera parada i col\u00b7labora amb \u00d2mnium Pallars"}]},{"@type":"WebSite","@id":"https:\/\/www.omnium.cat\/ca\/#website","url":"https:\/\/www.omnium.cat\/ca\/","name":"\u00d2mnium Cultural","description":"Llengua Cultura Pa\u00eds","publisher":{"@id":"https:\/\/www.omnium.cat\/ca\/#organization"},"potentialAction":[{"@type":"SearchAction","target":{"@type":"EntryPoint","urlTemplate":"https:\/\/www.omnium.cat\/ca\/?s={search_term_string}"},"query-input":{"@type":"PropertyValueSpecification","valueRequired":true,"valueName":"search_term_string"}}],"inLanguage":"ca"},{"@type":"Organization","@id":"https:\/\/www.omnium.cat\/ca\/#organization","name":"\u00d2mnium Cultural","url":"https:\/\/www.omnium.cat\/ca\/","logo":{"@type":"ImageObject","inLanguage":"ca","@id":"https:\/\/www.omnium.cat\/ca\/#\/schema\/logo\/image\/","url":"https:\/\/cdn.omnium.cat\/wp-content\/uploads\/2019\/06\/01112517\/cropped-omnium_logo-1.png","contentUrl":"https:\/\/cdn.omnium.cat\/wp-content\/uploads\/2019\/06\/01112517\/cropped-omnium_logo-1.png","width":1213,"height":262,"caption":"\u00d2mnium Cultural"},"image":{"@id":"https:\/\/www.omnium.cat\/ca\/#\/schema\/logo\/image\/"},"sameAs":["https:\/\/www.facebook.com\/omniumcultural","https:\/\/x.com\/omnium","https:\/\/www.instagram.com\/omniumcultural\/","https:\/\/www.youtube.com\/user\/omniumcultural"]}]}},"_links":{"self":[{"href":"https:\/\/www.omnium.cat\/ca\/wp-json\/wp\/v2\/tribe_events\/188463","targetHints":{"allow":["GET"]}}],"collection":[{"href":"https:\/\/www.omnium.cat\/ca\/wp-json\/wp\/v2\/tribe_events"}],"about":[{"href":"https:\/\/www.omnium.cat\/ca\/wp-json\/wp\/v2\/types\/tribe_events"}],"author":[{"embeddable":true,"href":"https:\/\/www.omnium.cat\/ca\/wp-json\/wp\/v2\/users\/120"}],"version-history":[{"count":6,"href":"https:\/\/www.omnium.cat\/ca\/wp-json\/wp\/v2\/tribe_events\/188463\/revisions"}],"predecessor-version":[{"id":188708,"href":"https:\/\/www.omnium.cat\/ca\/wp-json\/wp\/v2\/tribe_events\/188463\/revisions\/188708"}],"wp:featuredmedia":[{"embeddable":true,"href":"https:\/\/www.omnium.cat\/ca\/wp-json\/wp\/v2\/media\/189700"}],"wp:attachment":[{"href":"https:\/\/www.omnium.cat\/ca\/wp-json\/wp\/v2\/media?parent=188463"}],"wp:term":[{"taxonomy":"post_tag","embeddable":true,"href":"https:\/\/www.omnium.cat\/ca\/wp-json\/wp\/v2\/tags?post=188463"},{"taxonomy":"post_headquarter","embeddable":true,"href":"https:\/\/www.omnium.cat\/ca\/wp-json\/wp\/v2\/post_headquarter?post=188463"},{"taxonomy":"post_project","embeddable":true,"href":"https:\/\/www.omnium.cat\/ca\/wp-json\/wp\/v2\/post_project?post=188463"},{"taxonomy":"tribe_events_cat","embeddable":true,"href":"https:\/\/www.omnium.cat\/ca\/wp-json\/wp\/v2\/tribe_events_cat?post=188463"}],"curies":[{"name":"wp","href":"https:\/\/api.w.org\/{rel}","templated":true}]}}

Vine a veure’ns a la propera parada i col·labora amb Òmnium Pallars

<p>Els propers dies tindrà lloc, arreu del país, una marató de parades d’<strong>Òmnium Cultural</strong> pensades per poder informar de la situació actual i denunciar el Judici a la Democràcia.</p>
<p>&nbsp;</p>
<p><strong>Parada Òmnium Pallars Jussà:</strong></p>
<p><strong>Dilluns, 25 d&#8217;abril</strong></p>
<p><strong>De 10 a 13 h</strong></p>
<p><strong>Mercat local de Tremp</strong></p>
<p>&nbsp;</p>
<p><strong>Parada Òmnium Pallars Sobirà:</strong></p>
<p><strong>Dimarts, 26 de març</strong></p>
<p><strong>De 10 a 13.30 h</strong></p>
<p><strong>Mercat local de Sort (al pont del Riuet)</strong></p>
<p>&nbsp;</p>
<p>&nbsp;</p>
<p>&nbsp;</p>
<p>&nbsp;</p>

<p>Els propers dies tindrà lloc, arreu del país, una marató de parades d’Òmnium Cultural pensades per poder informar de la situació actual i denunciar el Judici a la Democràcia. &nbsp; Parada [&hellip;]</p>

<!-- This site is optimized with the Yoast SEO plugin v27.2 - https://yoast.com/product/yoast-seo-wordpress/ -->
<title>Vine a veure’ns a la propera parada i col·labora amb Òmnium Pallars - Òmnium Cultural</title>
<meta name="robots" content="index, follow, max-snippet:-1, max-image-preview:large, max-video-preview:-1" />
<link rel="canonical" href="https://www.omnium.cat/ca/activitat/vine-a-veurens-a-la-propera-parada-i-collabora-amb-omnium-pallars/" />
<script type="application/ld+json" class="yoast-schema-graph">{"@context":"https://schema.org","@graph":[{"@type":"WebPage","@id":"https://www.omnium.cat/ca/activitat/vine-a-veurens-a-la-propera-parada-i-collabora-amb-omnium-pallars/","url":"https://www.omnium.cat/ca/activitat/vine-a-veurens-a-la-propera-parada-i-collabora-amb-omnium-pallars/","name":"Vine a veure’ns a la propera parada i col·labora amb Òmnium Pallars - Òmnium Cultural","isPartOf":{"@id":"https://www.omnium.cat/ca/#website"},"primaryImageOfPage":{"@id":"https://www.omnium.cat/ca/activitat/vine-a-veurens-a-la-propera-parada-i-collabora-amb-omnium-pallars/#primaryimage"},"image":{"@id":"https://www.omnium.cat/ca/activitat/vine-a-veurens-a-la-propera-parada-i-collabora-amb-omnium-pallars/#primaryimage"},"thumbnailUrl":"https://cdn.omnium.cat/wp-content/uploads/2019/03/01010803/Postal-FB-_-TW-Sort-2.jpg","datePublished":"2019-03-19T11:28:53+00:00","dateModified":"2019-03-26T12:51:26+00:00","breadcrumb":{"@id":"https://www.omnium.cat/ca/activitat/vine-a-veurens-a-la-propera-parada-i-collabora-amb-omnium-pallars/#breadcrumb"},"inLanguage":"ca","potentialAction":[{"@type":"ReadAction","target":["https://www.omnium.cat/ca/activitat/vine-a-veurens-a-la-propera-parada-i-collabora-amb-omnium-pallars/"]}]},{"@type":"ImageObject","inLanguage":"ca","@id":"https://www.omnium.cat/ca/activitat/vine-a-veurens-a-la-propera-parada-i-collabora-amb-omnium-pallars/#primaryimage","url":"https://cdn.omnium.cat/wp-content/uploads/2019/03/01010803/Postal-FB-_-TW-Sort-2.jpg","contentUrl":"https://cdn.omnium.cat/wp-content/uploads/2019/03/01010803/Postal-FB-_-TW-Sort-2.jpg","width":1012,"height":506},{"@type":"BreadcrumbList","@id":"https://www.omnium.cat/ca/activitat/vine-a-veurens-a-la-propera-parada-i-collabora-amb-omnium-pallars/#breadcrumb","itemListElement":[{"@type":"ListItem","position":1,"name":"Inici","item":"https://www.omnium.cat/ca/"},{"@type":"ListItem","position":2,"name":"Esdeveniments","item":"https://www.omnium.cat/ca/llistat-activitats/"},{"@type":"ListItem","position":3,"name":"Vine a veure’ns a la propera parada i col·labora amb Òmnium Pallars"}]},{"@type":"WebSite","@id":"https://www.omnium.cat/ca/#website","url":"https://www.omnium.cat/ca/","name":"Òmnium Cultural","description":"Llengua Cultura País","publisher":{"@id":"https://www.omnium.cat/ca/#organization"},"potentialAction":[{"@type":"SearchAction","target":{"@type":"EntryPoint","urlTemplate":"https://www.omnium.cat/ca/?s={search_term_string}"},"query-input":{"@type":"PropertyValueSpecification","valueRequired":true,"valueName":"search_term_string"}}],"inLanguage":"ca"},{"@type":"Organization","@id":"https://www.omnium.cat/ca/#organization","name":"Òmnium Cultural","url":"https://www.omnium.cat/ca/","logo":{"@type":"ImageObject","inLanguage":"ca","@id":"https://www.omnium.cat/ca/#/schema/logo/image/","url":"https://cdn.omnium.cat/wp-content/uploads/2019/06/01112517/cropped-omnium_logo-1.png","contentUrl":"https://cdn.omnium.cat/wp-content/uploads/2019/06/01112517/cropped-omnium_logo-1.png","width":1213,"height":262,"caption":"Òmnium Cultural"},"image":{"@id":"https://www.omnium.cat/ca/#/schema/logo/image/"},"sameAs":["https://www.facebook.com/omniumcultural","https://x.com/omnium","https://www.instagram.com/omniumcultural/","https://www.youtube.com/user/omniumcultural"]}]}</script>
<!-- / Yoast SEO plugin. -->

Vine a veure’ns a la propera parada i col·labora amb Òmnium Pallars - Òmnium Cultural

Òmnium Cultural

Llengua Cultura País
