{"id":22036,"date":"2018-06-03T21:37:21","date_gmt":"2018-06-03T19:37:21","guid":{"rendered":"http:\/\/omnium.whads.com\/agenda\/70-anys-contra-el-catala-denunciem-lagressio-continuada-a-la-nostra-llengua\/"},"modified":"2018-06-03T21:37:21","modified_gmt":"2018-06-03T19:37:21","slug":"70-anys-contra-el-catala-denunciem-lagressio-continuada-a-la-nostra-llengua","status":"publish","type":"tribe_events","link":"https:\/\/www.omnium.cat\/ca\/activitat\/70-anys-contra-el-catala-denunciem-lagressio-continuada-a-la-nostra-llengua\/","title":{"rendered":"70 anys contra el catal\u00e0 &#8211; Denunciem l&#8217;agressi\u00f3 continuada a la nostra llengua"},"content":{"rendered":"<p>Acte rememoratiu del setant&egrave; aniversari de l&rsquo;inici del genocidi franquista contra la nostra llengua i pel ple reconeixement dels plens drets a Europa.<\/p>\n<p>Escriptors i actors llegiran textos sat&iacute;rics i improperis contra Franco i els qui, encara avui, ataquen la nostra llengua. Es far&agrave; una acci&oacute; final per la retirada de l&rsquo;est&agrave;tua en honor de la vict&ograve;ria de les tropes ocupants el 1939 i per la restituci&oacute; del monument a Pi i Margall transformat aquell mateix any.<\/p>\n<p><strong>&Ograve;mnium Cultural s&#8217;ha adherit a aquest acte organitzat per la Comissi&oacute; de la Dignitat, l&#8217;Associaci&oacute; d&#8217;Escriptors en Llengua Catalana i l&#8217;Associaci&oacute; d&#8217;Actors i Directors de Llengua Catalana<\/strong> i per aix&ograve;, us convidem a participar-hi.<br \/>  &nbsp;<\/p>\n<p><strong>Adre\u00e7a\/Ubicaci\u00f3<\/strong><br \/>Barcelona, Catalunya<\/p>\n","protected":false},"excerpt":{"rendered":"<p>Des d&#8217;\u00d2mnium Cultural ens sumem a Acci\u00f3 Cultural del Pa\u00eds Valenci\u00e0, que  ha engegat una campanya que considerem important: una Iniciativa Legislativa Popular (ILP) d\u2019\u00e0mbit estatal anomenada \u201cTelevisi\u00f3 sense fronteres: l\u2019espai de comunicaci\u00f3 de les lleng\u00fces catalana, euskara i gallega\u201d.  <\/p>\n","protected":false},"author":1,"featured_media":22037,"template":"","meta":{"_acf_changed":false,"_tribe_events_status":"","_tribe_events_status_reason":"","_tribe_events_is_hybrid":"","_tribe_events_is_virtual":"","_tribe_events_virtual_video_source":"","_tribe_events_virtual_embed_video":"","_tribe_events_virtual_linked_button_text":"","_tribe_events_virtual_linked_button":"","_tribe_events_virtual_show_embed_at":"","_tribe_events_virtual_show_embed_to":[],"_tribe_events_virtual_show_on_event":"","_tribe_events_virtual_show_on_views":"","_tribe_events_virtual_url":"","footnotes":""},"tags":[],"post_headquarter":[1744],"post_project":[],"tribe_events_cat":[],"class_list":["post-22036","tribe_events","type-tribe_events","status-publish","has-post-thumbnail","hentry","post_headquarter-nacional"],"acf":[],"yoast_head":"<!-- This site is optimized with the Yoast SEO plugin v27.2 - https:\/\/yoast.com\/product\/yoast-seo-wordpress\/ -->\n<title>70 anys contra el catal\u00e0 - Denunciem l&#039;agressi\u00f3 continuada a la nostra llengua - \u00d2mnium Cultural<\/title>\n<meta name=\"robots\" content=\"index, follow, max-snippet:-1, max-image-preview:large, max-video-preview:-1\" \/>\n<link rel=\"canonical\" href=\"https:\/\/www.omnium.cat\/ca\/activitat\/70-anys-contra-el-catala-denunciem-lagressio-continuada-a-la-nostra-llengua\/\" \/>\n<meta name=\"twitter:label1\" content=\"Temps estimat de lectura\" \/>\n\t<meta name=\"twitter:data1\" content=\"1 minut\" \/>\n<script type=\"application\/ld+json\" class=\"yoast-schema-graph\">{\"@context\":\"https:\/\/schema.org\",\"@graph\":[{\"@type\":\"WebPage\",\"@id\":\"https:\/\/www.omnium.cat\/ca\/activitat\/70-anys-contra-el-catala-denunciem-lagressio-continuada-a-la-nostra-llengua\/\",\"url\":\"https:\/\/www.omnium.cat\/ca\/activitat\/70-anys-contra-el-catala-denunciem-lagressio-continuada-a-la-nostra-llengua\/\",\"name\":\"70 anys contra el catal\u00e0 - Denunciem l'agressi\u00f3 continuada a la nostra llengua - \u00d2mnium Cultural\",\"isPartOf\":{\"@id\":\"https:\/\/www.omnium.cat\/ca\/#website\"},\"primaryImageOfPage\":{\"@id\":\"https:\/\/www.omnium.cat\/ca\/activitat\/70-anys-contra-el-catala-denunciem-lagressio-continuada-a-la-nostra-llengua\/#primaryimage\"},\"image\":{\"@id\":\"https:\/\/www.omnium.cat\/ca\/activitat\/70-anys-contra-el-catala-denunciem-lagressio-continuada-a-la-nostra-llengua\/#primaryimage\"},\"thumbnailUrl\":\"https:\/\/cdn.omnium.cat\/wp-content\/uploads\/2018\/06\/01095422\/70anys600.jpg\",\"datePublished\":\"2018-06-03T19:37:21+00:00\",\"breadcrumb\":{\"@id\":\"https:\/\/www.omnium.cat\/ca\/activitat\/70-anys-contra-el-catala-denunciem-lagressio-continuada-a-la-nostra-llengua\/#breadcrumb\"},\"inLanguage\":\"ca\",\"potentialAction\":[{\"@type\":\"ReadAction\",\"target\":[\"https:\/\/www.omnium.cat\/ca\/activitat\/70-anys-contra-el-catala-denunciem-lagressio-continuada-a-la-nostra-llengua\/\"]}]},{\"@type\":\"ImageObject\",\"inLanguage\":\"ca\",\"@id\":\"https:\/\/www.omnium.cat\/ca\/activitat\/70-anys-contra-el-catala-denunciem-lagressio-continuada-a-la-nostra-llengua\/#primaryimage\",\"url\":\"https:\/\/cdn.omnium.cat\/wp-content\/uploads\/2018\/06\/01095422\/70anys600.jpg\",\"contentUrl\":\"https:\/\/cdn.omnium.cat\/wp-content\/uploads\/2018\/06\/01095422\/70anys600.jpg\",\"width\":600,\"height\":200},{\"@type\":\"BreadcrumbList\",\"@id\":\"https:\/\/www.omnium.cat\/ca\/activitat\/70-anys-contra-el-catala-denunciem-lagressio-continuada-a-la-nostra-llengua\/#breadcrumb\",\"itemListElement\":[{\"@type\":\"ListItem\",\"position\":1,\"name\":\"Inici\",\"item\":\"https:\/\/www.omnium.cat\/ca\/\"},{\"@type\":\"ListItem\",\"position\":2,\"name\":\"Esdeveniments\",\"item\":\"https:\/\/www.omnium.cat\/ca\/llistat-activitats\/\"},{\"@type\":\"ListItem\",\"position\":3,\"name\":\"70 anys contra el catal\u00e0 &#8211; Denunciem l&#8217;agressi\u00f3 continuada a la nostra llengua\"}]},{\"@type\":\"WebSite\",\"@id\":\"https:\/\/www.omnium.cat\/ca\/#website\",\"url\":\"https:\/\/www.omnium.cat\/ca\/\",\"name\":\"\u00d2mnium Cultural\",\"description\":\"Llengua Cultura Pa\u00eds\",\"publisher\":{\"@id\":\"https:\/\/www.omnium.cat\/ca\/#organization\"},\"potentialAction\":[{\"@type\":\"SearchAction\",\"target\":{\"@type\":\"EntryPoint\",\"urlTemplate\":\"https:\/\/www.omnium.cat\/ca\/?s={search_term_string}\"},\"query-input\":{\"@type\":\"PropertyValueSpecification\",\"valueRequired\":true,\"valueName\":\"search_term_string\"}}],\"inLanguage\":\"ca\"},{\"@type\":\"Organization\",\"@id\":\"https:\/\/www.omnium.cat\/ca\/#organization\",\"name\":\"\u00d2mnium Cultural\",\"url\":\"https:\/\/www.omnium.cat\/ca\/\",\"logo\":{\"@type\":\"ImageObject\",\"inLanguage\":\"ca\",\"@id\":\"https:\/\/www.omnium.cat\/ca\/#\/schema\/logo\/image\/\",\"url\":\"https:\/\/cdn.omnium.cat\/wp-content\/uploads\/2019\/06\/01112517\/cropped-omnium_logo-1.png\",\"contentUrl\":\"https:\/\/cdn.omnium.cat\/wp-content\/uploads\/2019\/06\/01112517\/cropped-omnium_logo-1.png\",\"width\":1213,\"height\":262,\"caption\":\"\u00d2mnium Cultural\"},\"image\":{\"@id\":\"https:\/\/www.omnium.cat\/ca\/#\/schema\/logo\/image\/\"},\"sameAs\":[\"https:\/\/www.facebook.com\/omniumcultural\",\"https:\/\/x.com\/omnium\",\"https:\/\/www.instagram.com\/omniumcultural\/\",\"https:\/\/www.youtube.com\/user\/omniumcultural\"]}]}<\/script>\n<!-- \/ Yoast SEO plugin. -->","yoast_head_json":{"title":"70 anys contra el catal\u00e0 - Denunciem l'agressi\u00f3 continuada a la nostra llengua - \u00d2mnium Cultural","robots":{"index":"index","follow":"follow","max-snippet":"max-snippet:-1","max-image-preview":"max-image-preview:large","max-video-preview":"max-video-preview:-1"},"canonical":"https:\/\/www.omnium.cat\/ca\/activitat\/70-anys-contra-el-catala-denunciem-lagressio-continuada-a-la-nostra-llengua\/","twitter_misc":{"Temps estimat de lectura":"1 minut"},"schema":{"@context":"https:\/\/schema.org","@graph":[{"@type":"WebPage","@id":"https:\/\/www.omnium.cat\/ca\/activitat\/70-anys-contra-el-catala-denunciem-lagressio-continuada-a-la-nostra-llengua\/","url":"https:\/\/www.omnium.cat\/ca\/activitat\/70-anys-contra-el-catala-denunciem-lagressio-continuada-a-la-nostra-llengua\/","name":"70 anys contra el catal\u00e0 - Denunciem l'agressi\u00f3 continuada a la nostra llengua - \u00d2mnium Cultural","isPartOf":{"@id":"https:\/\/www.omnium.cat\/ca\/#website"},"primaryImageOfPage":{"@id":"https:\/\/www.omnium.cat\/ca\/activitat\/70-anys-contra-el-catala-denunciem-lagressio-continuada-a-la-nostra-llengua\/#primaryimage"},"image":{"@id":"https:\/\/www.omnium.cat\/ca\/activitat\/70-anys-contra-el-catala-denunciem-lagressio-continuada-a-la-nostra-llengua\/#primaryimage"},"thumbnailUrl":"https:\/\/cdn.omnium.cat\/wp-content\/uploads\/2018\/06\/01095422\/70anys600.jpg","datePublished":"2018-06-03T19:37:21+00:00","breadcrumb":{"@id":"https:\/\/www.omnium.cat\/ca\/activitat\/70-anys-contra-el-catala-denunciem-lagressio-continuada-a-la-nostra-llengua\/#breadcrumb"},"inLanguage":"ca","potentialAction":[{"@type":"ReadAction","target":["https:\/\/www.omnium.cat\/ca\/activitat\/70-anys-contra-el-catala-denunciem-lagressio-continuada-a-la-nostra-llengua\/"]}]},{"@type":"ImageObject","inLanguage":"ca","@id":"https:\/\/www.omnium.cat\/ca\/activitat\/70-anys-contra-el-catala-denunciem-lagressio-continuada-a-la-nostra-llengua\/#primaryimage","url":"https:\/\/cdn.omnium.cat\/wp-content\/uploads\/2018\/06\/01095422\/70anys600.jpg","contentUrl":"https:\/\/cdn.omnium.cat\/wp-content\/uploads\/2018\/06\/01095422\/70anys600.jpg","width":600,"height":200},{"@type":"BreadcrumbList","@id":"https:\/\/www.omnium.cat\/ca\/activitat\/70-anys-contra-el-catala-denunciem-lagressio-continuada-a-la-nostra-llengua\/#breadcrumb","itemListElement":[{"@type":"ListItem","position":1,"name":"Inici","item":"https:\/\/www.omnium.cat\/ca\/"},{"@type":"ListItem","position":2,"name":"Esdeveniments","item":"https:\/\/www.omnium.cat\/ca\/llistat-activitats\/"},{"@type":"ListItem","position":3,"name":"70 anys contra el catal\u00e0 &#8211; Denunciem l&#8217;agressi\u00f3 continuada a la nostra llengua"}]},{"@type":"WebSite","@id":"https:\/\/www.omnium.cat\/ca\/#website","url":"https:\/\/www.omnium.cat\/ca\/","name":"\u00d2mnium Cultural","description":"Llengua Cultura Pa\u00eds","publisher":{"@id":"https:\/\/www.omnium.cat\/ca\/#organization"},"potentialAction":[{"@type":"SearchAction","target":{"@type":"EntryPoint","urlTemplate":"https:\/\/www.omnium.cat\/ca\/?s={search_term_string}"},"query-input":{"@type":"PropertyValueSpecification","valueRequired":true,"valueName":"search_term_string"}}],"inLanguage":"ca"},{"@type":"Organization","@id":"https:\/\/www.omnium.cat\/ca\/#organization","name":"\u00d2mnium Cultural","url":"https:\/\/www.omnium.cat\/ca\/","logo":{"@type":"ImageObject","inLanguage":"ca","@id":"https:\/\/www.omnium.cat\/ca\/#\/schema\/logo\/image\/","url":"https:\/\/cdn.omnium.cat\/wp-content\/uploads\/2019\/06\/01112517\/cropped-omnium_logo-1.png","contentUrl":"https:\/\/cdn.omnium.cat\/wp-content\/uploads\/2019\/06\/01112517\/cropped-omnium_logo-1.png","width":1213,"height":262,"caption":"\u00d2mnium Cultural"},"image":{"@id":"https:\/\/www.omnium.cat\/ca\/#\/schema\/logo\/image\/"},"sameAs":["https:\/\/www.facebook.com\/omniumcultural","https:\/\/x.com\/omnium","https:\/\/www.instagram.com\/omniumcultural\/","https:\/\/www.youtube.com\/user\/omniumcultural"]}]}},"_links":{"self":[{"href":"https:\/\/www.omnium.cat\/ca\/wp-json\/wp\/v2\/tribe_events\/22036","targetHints":{"allow":["GET"]}}],"collection":[{"href":"https:\/\/www.omnium.cat\/ca\/wp-json\/wp\/v2\/tribe_events"}],"about":[{"href":"https:\/\/www.omnium.cat\/ca\/wp-json\/wp\/v2\/types\/tribe_events"}],"author":[{"embeddable":true,"href":"https:\/\/www.omnium.cat\/ca\/wp-json\/wp\/v2\/users\/1"}],"version-history":[{"count":0,"href":"https:\/\/www.omnium.cat\/ca\/wp-json\/wp\/v2\/tribe_events\/22036\/revisions"}],"wp:featuredmedia":[{"embeddable":true,"href":"https:\/\/www.omnium.cat\/ca\/wp-json\/wp\/v2\/media\/22037"}],"wp:attachment":[{"href":"https:\/\/www.omnium.cat\/ca\/wp-json\/wp\/v2\/media?parent=22036"}],"wp:term":[{"taxonomy":"post_tag","embeddable":true,"href":"https:\/\/www.omnium.cat\/ca\/wp-json\/wp\/v2\/tags?post=22036"},{"taxonomy":"post_headquarter","embeddable":true,"href":"https:\/\/www.omnium.cat\/ca\/wp-json\/wp\/v2\/post_headquarter?post=22036"},{"taxonomy":"post_project","embeddable":true,"href":"https:\/\/www.omnium.cat\/ca\/wp-json\/wp\/v2\/post_project?post=22036"},{"taxonomy":"tribe_events_cat","embeddable":true,"href":"https:\/\/www.omnium.cat\/ca\/wp-json\/wp\/v2\/tribe_events_cat?post=22036"}],"curies":[{"name":"wp","href":"https:\/\/api.w.org\/{rel}","templated":true}]}}

70 anys contra el català &#8211; Denunciem l&#8217;agressió continuada a la nostra llengua

<p>Acte rememoratiu del setant&egrave; aniversari de l&rsquo;inici del genocidi franquista contra la nostra llengua i pel ple reconeixement dels plens drets a Europa.</p>
<p>Escriptors i actors llegiran textos sat&iacute;rics i improperis contra Franco i els qui, encara avui, ataquen la nostra llengua. Es far&agrave; una acci&oacute; final per la retirada de l&rsquo;est&agrave;tua en honor de la vict&ograve;ria de les tropes ocupants el 1939 i per la restituci&oacute; del monument a Pi i Margall transformat aquell mateix any.</p>
<p><strong>&Ograve;mnium Cultural s&#8217;ha adherit a aquest acte organitzat per la Comissi&oacute; de la Dignitat, l&#8217;Associaci&oacute; d&#8217;Escriptors en Llengua Catalana i l&#8217;Associaci&oacute; d&#8217;Actors i Directors de Llengua Catalana</strong> i per aix&ograve;, us convidem a participar-hi.<br />  &nbsp;</p>
<p><strong>Adreça/Ubicació</strong><br />Barcelona, Catalunya</p>

<p>Des d&#8217;Òmnium Cultural ens sumem a Acció Cultural del País Valencià, que  ha engegat una campanya que considerem important: una Iniciativa Legislativa Popular (ILP) d’àmbit estatal anomenada “Televisió sense fronteres: l’espai de comunicació de les llengües catalana, euskara i gallega”.  </p>

<!-- This site is optimized with the Yoast SEO plugin v27.2 - https://yoast.com/product/yoast-seo-wordpress/ -->
<title>70 anys contra el català - Denunciem l&#039;agressió continuada a la nostra llengua - Òmnium Cultural</title>
<meta name="robots" content="index, follow, max-snippet:-1, max-image-preview:large, max-video-preview:-1" />
<link rel="canonical" href="https://www.omnium.cat/ca/activitat/70-anys-contra-el-catala-denunciem-lagressio-continuada-a-la-nostra-llengua/" />
<meta name="twitter:label1" content="Temps estimat de lectura" />
	<meta name="twitter:data1" content="1 minut" />
<script type="application/ld+json" class="yoast-schema-graph">{"@context":"https://schema.org","@graph":[{"@type":"WebPage","@id":"https://www.omnium.cat/ca/activitat/70-anys-contra-el-catala-denunciem-lagressio-continuada-a-la-nostra-llengua/","url":"https://www.omnium.cat/ca/activitat/70-anys-contra-el-catala-denunciem-lagressio-continuada-a-la-nostra-llengua/","name":"70 anys contra el català - Denunciem l'agressió continuada a la nostra llengua - Òmnium Cultural","isPartOf":{"@id":"https://www.omnium.cat/ca/#website"},"primaryImageOfPage":{"@id":"https://www.omnium.cat/ca/activitat/70-anys-contra-el-catala-denunciem-lagressio-continuada-a-la-nostra-llengua/#primaryimage"},"image":{"@id":"https://www.omnium.cat/ca/activitat/70-anys-contra-el-catala-denunciem-lagressio-continuada-a-la-nostra-llengua/#primaryimage"},"thumbnailUrl":"https://cdn.omnium.cat/wp-content/uploads/2018/06/01095422/70anys600.jpg","datePublished":"2018-06-03T19:37:21+00:00","breadcrumb":{"@id":"https://www.omnium.cat/ca/activitat/70-anys-contra-el-catala-denunciem-lagressio-continuada-a-la-nostra-llengua/#breadcrumb"},"inLanguage":"ca","potentialAction":[{"@type":"ReadAction","target":["https://www.omnium.cat/ca/activitat/70-anys-contra-el-catala-denunciem-lagressio-continuada-a-la-nostra-llengua/"]}]},{"@type":"ImageObject","inLanguage":"ca","@id":"https://www.omnium.cat/ca/activitat/70-anys-contra-el-catala-denunciem-lagressio-continuada-a-la-nostra-llengua/#primaryimage","url":"https://cdn.omnium.cat/wp-content/uploads/2018/06/01095422/70anys600.jpg","contentUrl":"https://cdn.omnium.cat/wp-content/uploads/2018/06/01095422/70anys600.jpg","width":600,"height":200},{"@type":"BreadcrumbList","@id":"https://www.omnium.cat/ca/activitat/70-anys-contra-el-catala-denunciem-lagressio-continuada-a-la-nostra-llengua/#breadcrumb","itemListElement":[{"@type":"ListItem","position":1,"name":"Inici","item":"https://www.omnium.cat/ca/"},{"@type":"ListItem","position":2,"name":"Esdeveniments","item":"https://www.omnium.cat/ca/llistat-activitats/"},{"@type":"ListItem","position":3,"name":"70 anys contra el català &#8211; Denunciem l&#8217;agressió continuada a la nostra llengua"}]},{"@type":"WebSite","@id":"https://www.omnium.cat/ca/#website","url":"https://www.omnium.cat/ca/","name":"Òmnium Cultural","description":"Llengua Cultura País","publisher":{"@id":"https://www.omnium.cat/ca/#organization"},"potentialAction":[{"@type":"SearchAction","target":{"@type":"EntryPoint","urlTemplate":"https://www.omnium.cat/ca/?s={search_term_string}"},"query-input":{"@type":"PropertyValueSpecification","valueRequired":true,"valueName":"search_term_string"}}],"inLanguage":"ca"},{"@type":"Organization","@id":"https://www.omnium.cat/ca/#organization","name":"Òmnium Cultural","url":"https://www.omnium.cat/ca/","logo":{"@type":"ImageObject","inLanguage":"ca","@id":"https://www.omnium.cat/ca/#/schema/logo/image/","url":"https://cdn.omnium.cat/wp-content/uploads/2019/06/01112517/cropped-omnium_logo-1.png","contentUrl":"https://cdn.omnium.cat/wp-content/uploads/2019/06/01112517/cropped-omnium_logo-1.png","width":1213,"height":262,"caption":"Òmnium Cultural"},"image":{"@id":"https://www.omnium.cat/ca/#/schema/logo/image/"},"sameAs":["https://www.facebook.com/omniumcultural","https://x.com/omnium","https://www.instagram.com/omniumcultural/","https://www.youtube.com/user/omniumcultural"]}]}</script>
<!-- / Yoast SEO plugin. -->

70 anys contra el català - Denunciem l'agressió continuada a la nostra llengua - Òmnium Cultural

Òmnium Cultural

Llengua Cultura País
