{"id":24170,"date":"2018-06-03T21:56:57","date_gmt":"2018-06-03T19:56:57","guid":{"rendered":"http:\/\/omnium.whads.com\/agenda\/antoni-puigverd-tornar-a-fer-pais-despres-de-la-rauxa-politica\/"},"modified":"2018-06-03T21:56:57","modified_gmt":"2018-06-03T19:56:57","slug":"antoni-puigverd-tornar-a-fer-pais-despres-de-la-rauxa-politica","status":"publish","type":"tribe_events","link":"https:\/\/www.omnium.cat\/ca\/activitat\/antoni-puigverd-tornar-a-fer-pais-despres-de-la-rauxa-politica\/","title":{"rendered":"Antoni Puigverd: Tornar a fer pa\u00eds (despr\u00e9s de la rauxa pol\u00edtica)"},"content":{"rendered":"<p style='text-align: justify;'>L&#8217;escriptor, articulista i poeta <b>Antoni Puigverd<\/b> oferir&agrave; una de les confer&egrave;ncies del Cicle <a target='_blank' href='http:\/\/bages.omnium.cat\/ca\/noticia\/cicle-sobre-identitat-nacional-i-globalitzacio-4101.html'>Identitat Nacional i Globalitzaci&oacute;<\/a>.<\/p>\n<p style='text-align: justify;'><a href='http:\/\/cultura.gencat.net\/ilc\/qeq\/fitxaAutors.asp?nom1=puigverd&amp;cerca2=Cercar&amp;quinform=form1&amp;NRegistre=&amp;idregistre=5727' target='_blank'>Antoni Puigvert i Romaguera<\/a> (la Bisbal d&rsquo;Empord&agrave;, 1954) &eacute;s escriptor i poeta. Signa els seus llibres i articles com a Antoni Puigverd. Com a periodista d&rsquo;opini&oacute;, col&middot;labora habitualment a La Vanguardia, Pres&egrave;ncia (El Punt), Diari de Barcelona, Revista de Girona, El Pa&iacute;s, Avui, El Peri&ograve;dic d&rsquo;Andorra i Serra d&rsquo;Or), r&agrave;dio (tertuli&agrave; del Mat&iacute; de Catalunya R&agrave;dio i COM R&agrave;dio), i televisi&oacute; (BTV, TV3). Llicenciat en filologia hisp&agrave;nica, tamb&eacute; ha exercit com a professor de literatura.<\/p>\n<p><strong>Adre\u00e7a\/Ubicaci\u00f3<\/strong><br \/>Plana de l&#8217;Om, 6,     Manresa, Bages, Catalunya<\/p>\n","protected":false},"excerpt":{"rendered":"<p>El Parc de bombers de Vic, innagurat ara fa un any, enceta la nova proposta del quedem?. Ara tamb\u00e9 entre setmana<\/p>\n","protected":false},"author":1,"featured_media":24171,"template":"","meta":{"_acf_changed":false,"_tribe_events_status":"","_tribe_events_status_reason":"","_tribe_events_is_hybrid":"","_tribe_events_is_virtual":"","_tribe_events_virtual_video_source":"","_tribe_events_virtual_embed_video":"","_tribe_events_virtual_linked_button_text":"","_tribe_events_virtual_linked_button":"","_tribe_events_virtual_show_embed_at":"","_tribe_events_virtual_show_embed_to":[],"_tribe_events_virtual_show_on_event":"","_tribe_events_virtual_show_on_views":"","_tribe_events_virtual_url":"","footnotes":""},"tags":[],"post_headquarter":[1760],"post_project":[],"tribe_events_cat":[],"class_list":["post-24170","tribe_events","type-tribe_events","status-publish","has-post-thumbnail","hentry","post_headquarter-bages-moianes"],"acf":[],"yoast_head":"<!-- This site is optimized with the Yoast SEO plugin v27.2 - https:\/\/yoast.com\/product\/yoast-seo-wordpress\/ -->\n<title>Antoni Puigverd: Tornar a fer pa\u00eds (despr\u00e9s de la rauxa pol\u00edtica) - \u00d2mnium Cultural<\/title>\n<meta name=\"robots\" content=\"index, follow, max-snippet:-1, max-image-preview:large, max-video-preview:-1\" \/>\n<link rel=\"canonical\" href=\"https:\/\/www.omnium.cat\/ca\/activitat\/antoni-puigverd-tornar-a-fer-pais-despres-de-la-rauxa-politica\/\" \/>\n<meta name=\"twitter:label1\" content=\"Temps estimat de lectura\" \/>\n\t<meta name=\"twitter:data1\" content=\"1 minut\" \/>\n<script type=\"application\/ld+json\" class=\"yoast-schema-graph\">{\"@context\":\"https:\/\/schema.org\",\"@graph\":[{\"@type\":\"WebPage\",\"@id\":\"https:\/\/www.omnium.cat\/ca\/activitat\/antoni-puigverd-tornar-a-fer-pais-despres-de-la-rauxa-politica\/\",\"url\":\"https:\/\/www.omnium.cat\/ca\/activitat\/antoni-puigverd-tornar-a-fer-pais-despres-de-la-rauxa-politica\/\",\"name\":\"Antoni Puigverd: Tornar a fer pa\u00eds (despr\u00e9s de la rauxa pol\u00edtica) - \u00d2mnium Cultural\",\"isPartOf\":{\"@id\":\"https:\/\/www.omnium.cat\/ca\/#website\"},\"primaryImageOfPage\":{\"@id\":\"https:\/\/www.omnium.cat\/ca\/activitat\/antoni-puigverd-tornar-a-fer-pais-despres-de-la-rauxa-politica\/#primaryimage\"},\"image\":{\"@id\":\"https:\/\/www.omnium.cat\/ca\/activitat\/antoni-puigverd-tornar-a-fer-pais-despres-de-la-rauxa-politica\/#primaryimage\"},\"thumbnailUrl\":\"https:\/\/cdn.omnium.cat\/wp-content\/uploads\/2018\/06\/01094503\/Antoni-Puigverd.jpg\",\"datePublished\":\"2018-06-03T19:56:57+00:00\",\"breadcrumb\":{\"@id\":\"https:\/\/www.omnium.cat\/ca\/activitat\/antoni-puigverd-tornar-a-fer-pais-despres-de-la-rauxa-politica\/#breadcrumb\"},\"inLanguage\":\"ca\",\"potentialAction\":[{\"@type\":\"ReadAction\",\"target\":[\"https:\/\/www.omnium.cat\/ca\/activitat\/antoni-puigverd-tornar-a-fer-pais-despres-de-la-rauxa-politica\/\"]}]},{\"@type\":\"ImageObject\",\"inLanguage\":\"ca\",\"@id\":\"https:\/\/www.omnium.cat\/ca\/activitat\/antoni-puigverd-tornar-a-fer-pais-despres-de-la-rauxa-politica\/#primaryimage\",\"url\":\"https:\/\/cdn.omnium.cat\/wp-content\/uploads\/2018\/06\/01094503\/Antoni-Puigverd.jpg\",\"contentUrl\":\"https:\/\/cdn.omnium.cat\/wp-content\/uploads\/2018\/06\/01094503\/Antoni-Puigverd.jpg\",\"width\":180,\"height\":142},{\"@type\":\"BreadcrumbList\",\"@id\":\"https:\/\/www.omnium.cat\/ca\/activitat\/antoni-puigverd-tornar-a-fer-pais-despres-de-la-rauxa-politica\/#breadcrumb\",\"itemListElement\":[{\"@type\":\"ListItem\",\"position\":1,\"name\":\"Inici\",\"item\":\"https:\/\/www.omnium.cat\/ca\/\"},{\"@type\":\"ListItem\",\"position\":2,\"name\":\"Esdeveniments\",\"item\":\"https:\/\/www.omnium.cat\/ca\/llistat-activitats\/\"},{\"@type\":\"ListItem\",\"position\":3,\"name\":\"Antoni Puigverd: Tornar a fer pa\u00eds (despr\u00e9s de la rauxa pol\u00edtica)\"}]},{\"@type\":\"WebSite\",\"@id\":\"https:\/\/www.omnium.cat\/ca\/#website\",\"url\":\"https:\/\/www.omnium.cat\/ca\/\",\"name\":\"\u00d2mnium Cultural\",\"description\":\"Llengua Cultura Pa\u00eds\",\"publisher\":{\"@id\":\"https:\/\/www.omnium.cat\/ca\/#organization\"},\"potentialAction\":[{\"@type\":\"SearchAction\",\"target\":{\"@type\":\"EntryPoint\",\"urlTemplate\":\"https:\/\/www.omnium.cat\/ca\/?s={search_term_string}\"},\"query-input\":{\"@type\":\"PropertyValueSpecification\",\"valueRequired\":true,\"valueName\":\"search_term_string\"}}],\"inLanguage\":\"ca\"},{\"@type\":\"Organization\",\"@id\":\"https:\/\/www.omnium.cat\/ca\/#organization\",\"name\":\"\u00d2mnium Cultural\",\"url\":\"https:\/\/www.omnium.cat\/ca\/\",\"logo\":{\"@type\":\"ImageObject\",\"inLanguage\":\"ca\",\"@id\":\"https:\/\/www.omnium.cat\/ca\/#\/schema\/logo\/image\/\",\"url\":\"https:\/\/cdn.omnium.cat\/wp-content\/uploads\/2019\/06\/01112517\/cropped-omnium_logo-1.png\",\"contentUrl\":\"https:\/\/cdn.omnium.cat\/wp-content\/uploads\/2019\/06\/01112517\/cropped-omnium_logo-1.png\",\"width\":1213,\"height\":262,\"caption\":\"\u00d2mnium Cultural\"},\"image\":{\"@id\":\"https:\/\/www.omnium.cat\/ca\/#\/schema\/logo\/image\/\"},\"sameAs\":[\"https:\/\/www.facebook.com\/omniumcultural\",\"https:\/\/x.com\/omnium\",\"https:\/\/www.instagram.com\/omniumcultural\/\",\"https:\/\/www.youtube.com\/user\/omniumcultural\"]}]}<\/script>\n<!-- \/ Yoast SEO plugin. -->","yoast_head_json":{"title":"Antoni Puigverd: Tornar a fer pa\u00eds (despr\u00e9s de la rauxa pol\u00edtica) - \u00d2mnium Cultural","robots":{"index":"index","follow":"follow","max-snippet":"max-snippet:-1","max-image-preview":"max-image-preview:large","max-video-preview":"max-video-preview:-1"},"canonical":"https:\/\/www.omnium.cat\/ca\/activitat\/antoni-puigverd-tornar-a-fer-pais-despres-de-la-rauxa-politica\/","twitter_misc":{"Temps estimat de lectura":"1 minut"},"schema":{"@context":"https:\/\/schema.org","@graph":[{"@type":"WebPage","@id":"https:\/\/www.omnium.cat\/ca\/activitat\/antoni-puigverd-tornar-a-fer-pais-despres-de-la-rauxa-politica\/","url":"https:\/\/www.omnium.cat\/ca\/activitat\/antoni-puigverd-tornar-a-fer-pais-despres-de-la-rauxa-politica\/","name":"Antoni Puigverd: Tornar a fer pa\u00eds (despr\u00e9s de la rauxa pol\u00edtica) - \u00d2mnium Cultural","isPartOf":{"@id":"https:\/\/www.omnium.cat\/ca\/#website"},"primaryImageOfPage":{"@id":"https:\/\/www.omnium.cat\/ca\/activitat\/antoni-puigverd-tornar-a-fer-pais-despres-de-la-rauxa-politica\/#primaryimage"},"image":{"@id":"https:\/\/www.omnium.cat\/ca\/activitat\/antoni-puigverd-tornar-a-fer-pais-despres-de-la-rauxa-politica\/#primaryimage"},"thumbnailUrl":"https:\/\/cdn.omnium.cat\/wp-content\/uploads\/2018\/06\/01094503\/Antoni-Puigverd.jpg","datePublished":"2018-06-03T19:56:57+00:00","breadcrumb":{"@id":"https:\/\/www.omnium.cat\/ca\/activitat\/antoni-puigverd-tornar-a-fer-pais-despres-de-la-rauxa-politica\/#breadcrumb"},"inLanguage":"ca","potentialAction":[{"@type":"ReadAction","target":["https:\/\/www.omnium.cat\/ca\/activitat\/antoni-puigverd-tornar-a-fer-pais-despres-de-la-rauxa-politica\/"]}]},{"@type":"ImageObject","inLanguage":"ca","@id":"https:\/\/www.omnium.cat\/ca\/activitat\/antoni-puigverd-tornar-a-fer-pais-despres-de-la-rauxa-politica\/#primaryimage","url":"https:\/\/cdn.omnium.cat\/wp-content\/uploads\/2018\/06\/01094503\/Antoni-Puigverd.jpg","contentUrl":"https:\/\/cdn.omnium.cat\/wp-content\/uploads\/2018\/06\/01094503\/Antoni-Puigverd.jpg","width":180,"height":142},{"@type":"BreadcrumbList","@id":"https:\/\/www.omnium.cat\/ca\/activitat\/antoni-puigverd-tornar-a-fer-pais-despres-de-la-rauxa-politica\/#breadcrumb","itemListElement":[{"@type":"ListItem","position":1,"name":"Inici","item":"https:\/\/www.omnium.cat\/ca\/"},{"@type":"ListItem","position":2,"name":"Esdeveniments","item":"https:\/\/www.omnium.cat\/ca\/llistat-activitats\/"},{"@type":"ListItem","position":3,"name":"Antoni Puigverd: Tornar a fer pa\u00eds (despr\u00e9s de la rauxa pol\u00edtica)"}]},{"@type":"WebSite","@id":"https:\/\/www.omnium.cat\/ca\/#website","url":"https:\/\/www.omnium.cat\/ca\/","name":"\u00d2mnium Cultural","description":"Llengua Cultura Pa\u00eds","publisher":{"@id":"https:\/\/www.omnium.cat\/ca\/#organization"},"potentialAction":[{"@type":"SearchAction","target":{"@type":"EntryPoint","urlTemplate":"https:\/\/www.omnium.cat\/ca\/?s={search_term_string}"},"query-input":{"@type":"PropertyValueSpecification","valueRequired":true,"valueName":"search_term_string"}}],"inLanguage":"ca"},{"@type":"Organization","@id":"https:\/\/www.omnium.cat\/ca\/#organization","name":"\u00d2mnium Cultural","url":"https:\/\/www.omnium.cat\/ca\/","logo":{"@type":"ImageObject","inLanguage":"ca","@id":"https:\/\/www.omnium.cat\/ca\/#\/schema\/logo\/image\/","url":"https:\/\/cdn.omnium.cat\/wp-content\/uploads\/2019\/06\/01112517\/cropped-omnium_logo-1.png","contentUrl":"https:\/\/cdn.omnium.cat\/wp-content\/uploads\/2019\/06\/01112517\/cropped-omnium_logo-1.png","width":1213,"height":262,"caption":"\u00d2mnium Cultural"},"image":{"@id":"https:\/\/www.omnium.cat\/ca\/#\/schema\/logo\/image\/"},"sameAs":["https:\/\/www.facebook.com\/omniumcultural","https:\/\/x.com\/omnium","https:\/\/www.instagram.com\/omniumcultural\/","https:\/\/www.youtube.com\/user\/omniumcultural"]}]}},"_links":{"self":[{"href":"https:\/\/www.omnium.cat\/ca\/wp-json\/wp\/v2\/tribe_events\/24170","targetHints":{"allow":["GET"]}}],"collection":[{"href":"https:\/\/www.omnium.cat\/ca\/wp-json\/wp\/v2\/tribe_events"}],"about":[{"href":"https:\/\/www.omnium.cat\/ca\/wp-json\/wp\/v2\/types\/tribe_events"}],"author":[{"embeddable":true,"href":"https:\/\/www.omnium.cat\/ca\/wp-json\/wp\/v2\/users\/1"}],"version-history":[{"count":0,"href":"https:\/\/www.omnium.cat\/ca\/wp-json\/wp\/v2\/tribe_events\/24170\/revisions"}],"wp:featuredmedia":[{"embeddable":true,"href":"https:\/\/www.omnium.cat\/ca\/wp-json\/wp\/v2\/media\/24171"}],"wp:attachment":[{"href":"https:\/\/www.omnium.cat\/ca\/wp-json\/wp\/v2\/media?parent=24170"}],"wp:term":[{"taxonomy":"post_tag","embeddable":true,"href":"https:\/\/www.omnium.cat\/ca\/wp-json\/wp\/v2\/tags?post=24170"},{"taxonomy":"post_headquarter","embeddable":true,"href":"https:\/\/www.omnium.cat\/ca\/wp-json\/wp\/v2\/post_headquarter?post=24170"},{"taxonomy":"post_project","embeddable":true,"href":"https:\/\/www.omnium.cat\/ca\/wp-json\/wp\/v2\/post_project?post=24170"},{"taxonomy":"tribe_events_cat","embeddable":true,"href":"https:\/\/www.omnium.cat\/ca\/wp-json\/wp\/v2\/tribe_events_cat?post=24170"}],"curies":[{"name":"wp","href":"https:\/\/api.w.org\/{rel}","templated":true}]}}

Antoni Puigverd: Tornar a fer país (després de la rauxa política)

<p style='text-align: justify;'>L&#8217;escriptor, articulista i poeta <b>Antoni Puigverd</b> oferir&agrave; una de les confer&egrave;ncies del Cicle <a target='_blank' href='http://bages.omnium.cat/ca/noticia/cicle-sobre-identitat-nacional-i-globalitzacio-4101.html'>Identitat Nacional i Globalitzaci&oacute;</a>.</p>
<p style='text-align: justify;'><a href='http://cultura.gencat.net/ilc/qeq/fitxaAutors.asp?nom1=puigverd&amp;cerca2=Cercar&amp;quinform=form1&amp;NRegistre=&amp;idregistre=5727' target='_blank'>Antoni Puigvert i Romaguera</a> (la Bisbal d&rsquo;Empord&agrave;, 1954) &eacute;s escriptor i poeta. Signa els seus llibres i articles com a Antoni Puigverd. Com a periodista d&rsquo;opini&oacute;, col&middot;labora habitualment a La Vanguardia, Pres&egrave;ncia (El Punt), Diari de Barcelona, Revista de Girona, El Pa&iacute;s, Avui, El Peri&ograve;dic d&rsquo;Andorra i Serra d&rsquo;Or), r&agrave;dio (tertuli&agrave; del Mat&iacute; de Catalunya R&agrave;dio i COM R&agrave;dio), i televisi&oacute; (BTV, TV3). Llicenciat en filologia hisp&agrave;nica, tamb&eacute; ha exercit com a professor de literatura.</p>
<p><strong>Adreça/Ubicació</strong><br />Plana de l&#8217;Om, 6,     Manresa, Bages, Catalunya</p>

<p>El Parc de bombers de Vic, innagurat ara fa un any, enceta la nova proposta del quedem?. Ara també entre setmana</p>

<!-- This site is optimized with the Yoast SEO plugin v27.2 - https://yoast.com/product/yoast-seo-wordpress/ -->
<title>Antoni Puigverd: Tornar a fer país (després de la rauxa política) - Òmnium Cultural</title>
<meta name="robots" content="index, follow, max-snippet:-1, max-image-preview:large, max-video-preview:-1" />
<link rel="canonical" href="https://www.omnium.cat/ca/activitat/antoni-puigverd-tornar-a-fer-pais-despres-de-la-rauxa-politica/" />
<meta name="twitter:label1" content="Temps estimat de lectura" />
	<meta name="twitter:data1" content="1 minut" />
<script type="application/ld+json" class="yoast-schema-graph">{"@context":"https://schema.org","@graph":[{"@type":"WebPage","@id":"https://www.omnium.cat/ca/activitat/antoni-puigverd-tornar-a-fer-pais-despres-de-la-rauxa-politica/","url":"https://www.omnium.cat/ca/activitat/antoni-puigverd-tornar-a-fer-pais-despres-de-la-rauxa-politica/","name":"Antoni Puigverd: Tornar a fer país (després de la rauxa política) - Òmnium Cultural","isPartOf":{"@id":"https://www.omnium.cat/ca/#website"},"primaryImageOfPage":{"@id":"https://www.omnium.cat/ca/activitat/antoni-puigverd-tornar-a-fer-pais-despres-de-la-rauxa-politica/#primaryimage"},"image":{"@id":"https://www.omnium.cat/ca/activitat/antoni-puigverd-tornar-a-fer-pais-despres-de-la-rauxa-politica/#primaryimage"},"thumbnailUrl":"https://cdn.omnium.cat/wp-content/uploads/2018/06/01094503/Antoni-Puigverd.jpg","datePublished":"2018-06-03T19:56:57+00:00","breadcrumb":{"@id":"https://www.omnium.cat/ca/activitat/antoni-puigverd-tornar-a-fer-pais-despres-de-la-rauxa-politica/#breadcrumb"},"inLanguage":"ca","potentialAction":[{"@type":"ReadAction","target":["https://www.omnium.cat/ca/activitat/antoni-puigverd-tornar-a-fer-pais-despres-de-la-rauxa-politica/"]}]},{"@type":"ImageObject","inLanguage":"ca","@id":"https://www.omnium.cat/ca/activitat/antoni-puigverd-tornar-a-fer-pais-despres-de-la-rauxa-politica/#primaryimage","url":"https://cdn.omnium.cat/wp-content/uploads/2018/06/01094503/Antoni-Puigverd.jpg","contentUrl":"https://cdn.omnium.cat/wp-content/uploads/2018/06/01094503/Antoni-Puigverd.jpg","width":180,"height":142},{"@type":"BreadcrumbList","@id":"https://www.omnium.cat/ca/activitat/antoni-puigverd-tornar-a-fer-pais-despres-de-la-rauxa-politica/#breadcrumb","itemListElement":[{"@type":"ListItem","position":1,"name":"Inici","item":"https://www.omnium.cat/ca/"},{"@type":"ListItem","position":2,"name":"Esdeveniments","item":"https://www.omnium.cat/ca/llistat-activitats/"},{"@type":"ListItem","position":3,"name":"Antoni Puigverd: Tornar a fer país (després de la rauxa política)"}]},{"@type":"WebSite","@id":"https://www.omnium.cat/ca/#website","url":"https://www.omnium.cat/ca/","name":"Òmnium Cultural","description":"Llengua Cultura País","publisher":{"@id":"https://www.omnium.cat/ca/#organization"},"potentialAction":[{"@type":"SearchAction","target":{"@type":"EntryPoint","urlTemplate":"https://www.omnium.cat/ca/?s={search_term_string}"},"query-input":{"@type":"PropertyValueSpecification","valueRequired":true,"valueName":"search_term_string"}}],"inLanguage":"ca"},{"@type":"Organization","@id":"https://www.omnium.cat/ca/#organization","name":"Òmnium Cultural","url":"https://www.omnium.cat/ca/","logo":{"@type":"ImageObject","inLanguage":"ca","@id":"https://www.omnium.cat/ca/#/schema/logo/image/","url":"https://cdn.omnium.cat/wp-content/uploads/2019/06/01112517/cropped-omnium_logo-1.png","contentUrl":"https://cdn.omnium.cat/wp-content/uploads/2019/06/01112517/cropped-omnium_logo-1.png","width":1213,"height":262,"caption":"Òmnium Cultural"},"image":{"@id":"https://www.omnium.cat/ca/#/schema/logo/image/"},"sameAs":["https://www.facebook.com/omniumcultural","https://x.com/omnium","https://www.instagram.com/omniumcultural/","https://www.youtube.com/user/omniumcultural"]}]}</script>
<!-- / Yoast SEO plugin. -->

Antoni Puigverd: Tornar a fer país (després de la rauxa política) - Òmnium Cultural

Òmnium Cultural

Llengua Cultura País
