{"id":244948,"date":"2020-05-29T11:45:39","date_gmt":"2020-05-29T09:45:39","guid":{"rendered":"https:\/\/www.omnium.cat\/?post_type=tribe_events&#038;p=244948"},"modified":"2020-05-29T11:54:31","modified_gmt":"2020-05-29T09:54:31","slug":"mirades-de-lexili","status":"publish","type":"tribe_events","link":"https:\/\/www.omnium.cat\/ca\/activitat\/mirades-de-lexili\/","title":{"rendered":"Mirades de l&#8217;exili, conversa entre Marta Mar\u00edn-D\u00f2mine i Xavier Antich"},"content":{"rendered":"<p><strong>\u00d2mnium Giron\u00e8s organitza en l\u00ednia l&#8217;acte &#8220;Mirades de l&#8217;exili&#8221;, una conversa entre l\u2019escriptora Marta Mar\u00edn-D\u00f2mine i el fil\u00f2sof Xavier Antich<\/strong> en el marc de les activitats per recuperar la mem\u00f2ria hist\u00f2rica i col\u00b7lectiva.<\/p>\n<p>Durant el 2019 l&#8217;entitat va recordar els 80 anys de l&#8217;inici de l&#8217;exili en motiu de la Guerra Civil i del Franquisme amb activitats com un cicle de cinema al Truffaut, dues visites guiades a Girona, dues taules rodones, presentacions de llibres i l&#8217;obra de teatre &#8220;Exsilium&#8221; de la m\u00e0 dels joves del Centre de Formaci\u00f3 Teatral El Galliner.<\/p>\n<p>Enguany, en motiu de la situaci\u00f3 derivada per la Covid-19, \u00d2mnium Giron\u00e8s ha considerat oport\u00fa seguir treballant en la divulgaci\u00f3 hist\u00f2ria en format digital oferint una conversa que es difondr\u00e0 en directe a trav\u00e9s del canal de YouTube, del perfil de Facebook i del perfil de Twitter. A m\u00e9s es facilitar\u00e0 la interacci\u00f3 en directe amb el p\u00fablic mitjan\u00e7ant preguntes escrites a trav\u00e9s d&#8217;aquestes xarxes socials.<\/p>\n<p>Enlla\u00e7 directe a la conversa al canal de YouTube d&#8217;\u00d2mnium Giron\u00e8s:<br \/>\n<a href=\"https:\/\/www.youtube.com\/watch?v=Ykyaj2LdKnU\">https:\/\/www.youtube.com\/watch?v=Ykyaj2LdKnU<\/a><br \/>\nFacebook: <a href=\"https:\/\/www.facebook.com\/omniumgirones\">https:\/\/www.facebook.com\/omniumgirones<\/a><br \/>\nTwitter: <a href=\"https:\/\/twitter.com\/omniumgirones\">https:\/\/twitter.com\/omniumgirones<\/a><\/p>\n<p>&nbsp;<\/p>\n","protected":false},"excerpt":{"rendered":"<p>\u00d2mnium Giron\u00e8s organitza en l\u00ednia l&#8217;acte &#8220;Mirades de l&#8217;exili&#8221;, una conversa entre l\u2019escriptora Marta Mar\u00edn-D\u00f2mine i el fil\u00f2sof Xavier Antich en el marc de les activitats per recuperar la mem\u00f2ria [&hellip;]<\/p>\n","protected":false},"author":2,"featured_media":244953,"template":"","meta":{"_acf_changed":false,"_tribe_events_status":"","_tribe_events_status_reason":"","_tribe_events_is_hybrid":"","_tribe_events_is_virtual":"","_tribe_events_virtual_video_source":"","_tribe_events_virtual_embed_video":"","_tribe_events_virtual_linked_button_text":"","_tribe_events_virtual_linked_button":"","_tribe_events_virtual_show_embed_at":"","_tribe_events_virtual_show_embed_to":[],"_tribe_events_virtual_show_on_event":"","_tribe_events_virtual_show_on_views":"","_tribe_events_virtual_url":"","footnotes":""},"tags":[],"post_headquarter":[1765],"post_project":[1837],"tribe_events_cat":[3293],"class_list":["post-244948","tribe_events","type-tribe_events","status-publish","has-post-thumbnail","hentry","post_headquarter-girones","post_project-justicia-pels-crims-del-franquisme","tribe_events_cat-conferencies-i-xerrades","cat_conferencies-i-xerrades"],"acf":[],"yoast_head":"<!-- This site is optimized with the Yoast SEO plugin v27.2 - https:\/\/yoast.com\/product\/yoast-seo-wordpress\/ -->\n<title>Mirades de l&#039;exili, conversa entre Marta Mar\u00edn-D\u00f2mine i Xavier Antich - \u00d2mnium Cultural<\/title>\n<meta name=\"robots\" content=\"index, follow, max-snippet:-1, max-image-preview:large, max-video-preview:-1\" \/>\n<link rel=\"canonical\" href=\"https:\/\/www.omnium.cat\/ca\/activitat\/mirades-de-lexili\/\" \/>\n<meta name=\"twitter:label1\" content=\"Temps estimat de lectura\" \/>\n\t<meta name=\"twitter:data1\" content=\"1 minut\" \/>\n<script type=\"application\/ld+json\" class=\"yoast-schema-graph\">{\"@context\":\"https:\/\/schema.org\",\"@graph\":[{\"@type\":\"WebPage\",\"@id\":\"https:\/\/www.omnium.cat\/ca\/activitat\/mirades-de-lexili\/\",\"url\":\"https:\/\/www.omnium.cat\/ca\/activitat\/mirades-de-lexili\/\",\"name\":\"Mirades de l'exili, conversa entre Marta Mar\u00edn-D\u00f2mine i Xavier Antich - \u00d2mnium Cultural\",\"isPartOf\":{\"@id\":\"https:\/\/www.omnium.cat\/ca\/#website\"},\"primaryImageOfPage\":{\"@id\":\"https:\/\/www.omnium.cat\/ca\/activitat\/mirades-de-lexili\/#primaryimage\"},\"image\":{\"@id\":\"https:\/\/www.omnium.cat\/ca\/activitat\/mirades-de-lexili\/#primaryimage\"},\"thumbnailUrl\":\"https:\/\/cdn.omnium.cat\/wp-content\/uploads\/2020\/05\/29114304\/20200603_Mirades-de-lexili_TW-FB-1.png\",\"datePublished\":\"2020-05-29T09:45:39+00:00\",\"dateModified\":\"2020-05-29T09:54:31+00:00\",\"breadcrumb\":{\"@id\":\"https:\/\/www.omnium.cat\/ca\/activitat\/mirades-de-lexili\/#breadcrumb\"},\"inLanguage\":\"ca\",\"potentialAction\":[{\"@type\":\"ReadAction\",\"target\":[\"https:\/\/www.omnium.cat\/ca\/activitat\/mirades-de-lexili\/\"]}]},{\"@type\":\"ImageObject\",\"inLanguage\":\"ca\",\"@id\":\"https:\/\/www.omnium.cat\/ca\/activitat\/mirades-de-lexili\/#primaryimage\",\"url\":\"https:\/\/cdn.omnium.cat\/wp-content\/uploads\/2020\/05\/29114304\/20200603_Mirades-de-lexili_TW-FB-1.png\",\"contentUrl\":\"https:\/\/cdn.omnium.cat\/wp-content\/uploads\/2020\/05\/29114304\/20200603_Mirades-de-lexili_TW-FB-1.png\",\"width\":1024,\"height\":512},{\"@type\":\"BreadcrumbList\",\"@id\":\"https:\/\/www.omnium.cat\/ca\/activitat\/mirades-de-lexili\/#breadcrumb\",\"itemListElement\":[{\"@type\":\"ListItem\",\"position\":1,\"name\":\"Inici\",\"item\":\"https:\/\/www.omnium.cat\/ca\/\"},{\"@type\":\"ListItem\",\"position\":2,\"name\":\"Esdeveniments\",\"item\":\"https:\/\/www.omnium.cat\/ca\/llistat-activitats\/\"},{\"@type\":\"ListItem\",\"position\":3,\"name\":\"Mirades de l&#8217;exili, conversa entre Marta Mar\u00edn-D\u00f2mine i Xavier Antich\"}]},{\"@type\":\"WebSite\",\"@id\":\"https:\/\/www.omnium.cat\/ca\/#website\",\"url\":\"https:\/\/www.omnium.cat\/ca\/\",\"name\":\"\u00d2mnium Cultural\",\"description\":\"Llengua Cultura Pa\u00eds\",\"publisher\":{\"@id\":\"https:\/\/www.omnium.cat\/ca\/#organization\"},\"potentialAction\":[{\"@type\":\"SearchAction\",\"target\":{\"@type\":\"EntryPoint\",\"urlTemplate\":\"https:\/\/www.omnium.cat\/ca\/?s={search_term_string}\"},\"query-input\":{\"@type\":\"PropertyValueSpecification\",\"valueRequired\":true,\"valueName\":\"search_term_string\"}}],\"inLanguage\":\"ca\"},{\"@type\":\"Organization\",\"@id\":\"https:\/\/www.omnium.cat\/ca\/#organization\",\"name\":\"\u00d2mnium Cultural\",\"url\":\"https:\/\/www.omnium.cat\/ca\/\",\"logo\":{\"@type\":\"ImageObject\",\"inLanguage\":\"ca\",\"@id\":\"https:\/\/www.omnium.cat\/ca\/#\/schema\/logo\/image\/\",\"url\":\"https:\/\/cdn.omnium.cat\/wp-content\/uploads\/2019\/06\/01112517\/cropped-omnium_logo-1.png\",\"contentUrl\":\"https:\/\/cdn.omnium.cat\/wp-content\/uploads\/2019\/06\/01112517\/cropped-omnium_logo-1.png\",\"width\":1213,\"height\":262,\"caption\":\"\u00d2mnium Cultural\"},\"image\":{\"@id\":\"https:\/\/www.omnium.cat\/ca\/#\/schema\/logo\/image\/\"},\"sameAs\":[\"https:\/\/www.facebook.com\/omniumcultural\",\"https:\/\/x.com\/omnium\",\"https:\/\/www.instagram.com\/omniumcultural\/\",\"https:\/\/www.youtube.com\/user\/omniumcultural\"]}]}<\/script>\n<!-- \/ Yoast SEO plugin. -->","yoast_head_json":{"title":"Mirades de l'exili, conversa entre Marta Mar\u00edn-D\u00f2mine i Xavier Antich - \u00d2mnium Cultural","robots":{"index":"index","follow":"follow","max-snippet":"max-snippet:-1","max-image-preview":"max-image-preview:large","max-video-preview":"max-video-preview:-1"},"canonical":"https:\/\/www.omnium.cat\/ca\/activitat\/mirades-de-lexili\/","twitter_misc":{"Temps estimat de lectura":"1 minut"},"schema":{"@context":"https:\/\/schema.org","@graph":[{"@type":"WebPage","@id":"https:\/\/www.omnium.cat\/ca\/activitat\/mirades-de-lexili\/","url":"https:\/\/www.omnium.cat\/ca\/activitat\/mirades-de-lexili\/","name":"Mirades de l'exili, conversa entre Marta Mar\u00edn-D\u00f2mine i Xavier Antich - \u00d2mnium Cultural","isPartOf":{"@id":"https:\/\/www.omnium.cat\/ca\/#website"},"primaryImageOfPage":{"@id":"https:\/\/www.omnium.cat\/ca\/activitat\/mirades-de-lexili\/#primaryimage"},"image":{"@id":"https:\/\/www.omnium.cat\/ca\/activitat\/mirades-de-lexili\/#primaryimage"},"thumbnailUrl":"https:\/\/cdn.omnium.cat\/wp-content\/uploads\/2020\/05\/29114304\/20200603_Mirades-de-lexili_TW-FB-1.png","datePublished":"2020-05-29T09:45:39+00:00","dateModified":"2020-05-29T09:54:31+00:00","breadcrumb":{"@id":"https:\/\/www.omnium.cat\/ca\/activitat\/mirades-de-lexili\/#breadcrumb"},"inLanguage":"ca","potentialAction":[{"@type":"ReadAction","target":["https:\/\/www.omnium.cat\/ca\/activitat\/mirades-de-lexili\/"]}]},{"@type":"ImageObject","inLanguage":"ca","@id":"https:\/\/www.omnium.cat\/ca\/activitat\/mirades-de-lexili\/#primaryimage","url":"https:\/\/cdn.omnium.cat\/wp-content\/uploads\/2020\/05\/29114304\/20200603_Mirades-de-lexili_TW-FB-1.png","contentUrl":"https:\/\/cdn.omnium.cat\/wp-content\/uploads\/2020\/05\/29114304\/20200603_Mirades-de-lexili_TW-FB-1.png","width":1024,"height":512},{"@type":"BreadcrumbList","@id":"https:\/\/www.omnium.cat\/ca\/activitat\/mirades-de-lexili\/#breadcrumb","itemListElement":[{"@type":"ListItem","position":1,"name":"Inici","item":"https:\/\/www.omnium.cat\/ca\/"},{"@type":"ListItem","position":2,"name":"Esdeveniments","item":"https:\/\/www.omnium.cat\/ca\/llistat-activitats\/"},{"@type":"ListItem","position":3,"name":"Mirades de l&#8217;exili, conversa entre Marta Mar\u00edn-D\u00f2mine i Xavier Antich"}]},{"@type":"WebSite","@id":"https:\/\/www.omnium.cat\/ca\/#website","url":"https:\/\/www.omnium.cat\/ca\/","name":"\u00d2mnium Cultural","description":"Llengua Cultura Pa\u00eds","publisher":{"@id":"https:\/\/www.omnium.cat\/ca\/#organization"},"potentialAction":[{"@type":"SearchAction","target":{"@type":"EntryPoint","urlTemplate":"https:\/\/www.omnium.cat\/ca\/?s={search_term_string}"},"query-input":{"@type":"PropertyValueSpecification","valueRequired":true,"valueName":"search_term_string"}}],"inLanguage":"ca"},{"@type":"Organization","@id":"https:\/\/www.omnium.cat\/ca\/#organization","name":"\u00d2mnium Cultural","url":"https:\/\/www.omnium.cat\/ca\/","logo":{"@type":"ImageObject","inLanguage":"ca","@id":"https:\/\/www.omnium.cat\/ca\/#\/schema\/logo\/image\/","url":"https:\/\/cdn.omnium.cat\/wp-content\/uploads\/2019\/06\/01112517\/cropped-omnium_logo-1.png","contentUrl":"https:\/\/cdn.omnium.cat\/wp-content\/uploads\/2019\/06\/01112517\/cropped-omnium_logo-1.png","width":1213,"height":262,"caption":"\u00d2mnium Cultural"},"image":{"@id":"https:\/\/www.omnium.cat\/ca\/#\/schema\/logo\/image\/"},"sameAs":["https:\/\/www.facebook.com\/omniumcultural","https:\/\/x.com\/omnium","https:\/\/www.instagram.com\/omniumcultural\/","https:\/\/www.youtube.com\/user\/omniumcultural"]}]}},"_links":{"self":[{"href":"https:\/\/www.omnium.cat\/ca\/wp-json\/wp\/v2\/tribe_events\/244948","targetHints":{"allow":["GET"]}}],"collection":[{"href":"https:\/\/www.omnium.cat\/ca\/wp-json\/wp\/v2\/tribe_events"}],"about":[{"href":"https:\/\/www.omnium.cat\/ca\/wp-json\/wp\/v2\/types\/tribe_events"}],"author":[{"embeddable":true,"href":"https:\/\/www.omnium.cat\/ca\/wp-json\/wp\/v2\/users\/2"}],"version-history":[{"count":6,"href":"https:\/\/www.omnium.cat\/ca\/wp-json\/wp\/v2\/tribe_events\/244948\/revisions"}],"predecessor-version":[{"id":244982,"href":"https:\/\/www.omnium.cat\/ca\/wp-json\/wp\/v2\/tribe_events\/244948\/revisions\/244982"}],"wp:featuredmedia":[{"embeddable":true,"href":"https:\/\/www.omnium.cat\/ca\/wp-json\/wp\/v2\/media\/244953"}],"wp:attachment":[{"href":"https:\/\/www.omnium.cat\/ca\/wp-json\/wp\/v2\/media?parent=244948"}],"wp:term":[{"taxonomy":"post_tag","embeddable":true,"href":"https:\/\/www.omnium.cat\/ca\/wp-json\/wp\/v2\/tags?post=244948"},{"taxonomy":"post_headquarter","embeddable":true,"href":"https:\/\/www.omnium.cat\/ca\/wp-json\/wp\/v2\/post_headquarter?post=244948"},{"taxonomy":"post_project","embeddable":true,"href":"https:\/\/www.omnium.cat\/ca\/wp-json\/wp\/v2\/post_project?post=244948"},{"taxonomy":"tribe_events_cat","embeddable":true,"href":"https:\/\/www.omnium.cat\/ca\/wp-json\/wp\/v2\/tribe_events_cat?post=244948"}],"curies":[{"name":"wp","href":"https:\/\/api.w.org\/{rel}","templated":true}]}}

Mirades de l&#8217;exili, conversa entre Marta Marín-Dòmine i Xavier Antich

<p><strong>Òmnium Gironès organitza en línia l&#8217;acte &#8220;Mirades de l&#8217;exili&#8221;, una conversa entre l’escriptora Marta Marín-Dòmine i el filòsof Xavier Antich</strong> en el marc de les activitats per recuperar la memòria històrica i col·lectiva.</p>
<p>Durant el 2019 l&#8217;entitat va recordar els 80 anys de l&#8217;inici de l&#8217;exili en motiu de la Guerra Civil i del Franquisme amb activitats com un cicle de cinema al Truffaut, dues visites guiades a Girona, dues taules rodones, presentacions de llibres i l&#8217;obra de teatre &#8220;Exsilium&#8221; de la mà dels joves del Centre de Formació Teatral El Galliner.</p>
<p>Enguany, en motiu de la situació derivada per la Covid-19, Òmnium Gironès ha considerat oportú seguir treballant en la divulgació història en format digital oferint una conversa que es difondrà en directe a través del canal de YouTube, del perfil de Facebook i del perfil de Twitter. A més es facilitarà la interacció en directe amb el públic mitjançant preguntes escrites a través d&#8217;aquestes xarxes socials.</p>
<p>Enllaç directe a la conversa al canal de YouTube d&#8217;Òmnium Gironès:<br />
<a href="https://www.youtube.com/watch?v=Ykyaj2LdKnU">https://www.youtube.com/watch?v=Ykyaj2LdKnU</a><br />
Facebook: <a href="https://www.facebook.com/omniumgirones">https://www.facebook.com/omniumgirones</a><br />
Twitter: <a href="https://twitter.com/omniumgirones">https://twitter.com/omniumgirones</a></p>
<p>&nbsp;</p>

<p>Òmnium Gironès organitza en línia l&#8217;acte &#8220;Mirades de l&#8217;exili&#8221;, una conversa entre l’escriptora Marta Marín-Dòmine i el filòsof Xavier Antich en el marc de les activitats per recuperar la memòria [&hellip;]</p>

<!-- This site is optimized with the Yoast SEO plugin v27.2 - https://yoast.com/product/yoast-seo-wordpress/ -->
<title>Mirades de l&#039;exili, conversa entre Marta Marín-Dòmine i Xavier Antich - Òmnium Cultural</title>
<meta name="robots" content="index, follow, max-snippet:-1, max-image-preview:large, max-video-preview:-1" />
<link rel="canonical" href="https://www.omnium.cat/ca/activitat/mirades-de-lexili/" />
<meta name="twitter:label1" content="Temps estimat de lectura" />
	<meta name="twitter:data1" content="1 minut" />
<script type="application/ld+json" class="yoast-schema-graph">{"@context":"https://schema.org","@graph":[{"@type":"WebPage","@id":"https://www.omnium.cat/ca/activitat/mirades-de-lexili/","url":"https://www.omnium.cat/ca/activitat/mirades-de-lexili/","name":"Mirades de l'exili, conversa entre Marta Marín-Dòmine i Xavier Antich - Òmnium Cultural","isPartOf":{"@id":"https://www.omnium.cat/ca/#website"},"primaryImageOfPage":{"@id":"https://www.omnium.cat/ca/activitat/mirades-de-lexili/#primaryimage"},"image":{"@id":"https://www.omnium.cat/ca/activitat/mirades-de-lexili/#primaryimage"},"thumbnailUrl":"https://cdn.omnium.cat/wp-content/uploads/2020/05/29114304/20200603_Mirades-de-lexili_TW-FB-1.png","datePublished":"2020-05-29T09:45:39+00:00","dateModified":"2020-05-29T09:54:31+00:00","breadcrumb":{"@id":"https://www.omnium.cat/ca/activitat/mirades-de-lexili/#breadcrumb"},"inLanguage":"ca","potentialAction":[{"@type":"ReadAction","target":["https://www.omnium.cat/ca/activitat/mirades-de-lexili/"]}]},{"@type":"ImageObject","inLanguage":"ca","@id":"https://www.omnium.cat/ca/activitat/mirades-de-lexili/#primaryimage","url":"https://cdn.omnium.cat/wp-content/uploads/2020/05/29114304/20200603_Mirades-de-lexili_TW-FB-1.png","contentUrl":"https://cdn.omnium.cat/wp-content/uploads/2020/05/29114304/20200603_Mirades-de-lexili_TW-FB-1.png","width":1024,"height":512},{"@type":"BreadcrumbList","@id":"https://www.omnium.cat/ca/activitat/mirades-de-lexili/#breadcrumb","itemListElement":[{"@type":"ListItem","position":1,"name":"Inici","item":"https://www.omnium.cat/ca/"},{"@type":"ListItem","position":2,"name":"Esdeveniments","item":"https://www.omnium.cat/ca/llistat-activitats/"},{"@type":"ListItem","position":3,"name":"Mirades de l&#8217;exili, conversa entre Marta Marín-Dòmine i Xavier Antich"}]},{"@type":"WebSite","@id":"https://www.omnium.cat/ca/#website","url":"https://www.omnium.cat/ca/","name":"Òmnium Cultural","description":"Llengua Cultura País","publisher":{"@id":"https://www.omnium.cat/ca/#organization"},"potentialAction":[{"@type":"SearchAction","target":{"@type":"EntryPoint","urlTemplate":"https://www.omnium.cat/ca/?s={search_term_string}"},"query-input":{"@type":"PropertyValueSpecification","valueRequired":true,"valueName":"search_term_string"}}],"inLanguage":"ca"},{"@type":"Organization","@id":"https://www.omnium.cat/ca/#organization","name":"Òmnium Cultural","url":"https://www.omnium.cat/ca/","logo":{"@type":"ImageObject","inLanguage":"ca","@id":"https://www.omnium.cat/ca/#/schema/logo/image/","url":"https://cdn.omnium.cat/wp-content/uploads/2019/06/01112517/cropped-omnium_logo-1.png","contentUrl":"https://cdn.omnium.cat/wp-content/uploads/2019/06/01112517/cropped-omnium_logo-1.png","width":1213,"height":262,"caption":"Òmnium Cultural"},"image":{"@id":"https://www.omnium.cat/ca/#/schema/logo/image/"},"sameAs":["https://www.facebook.com/omniumcultural","https://x.com/omnium","https://www.instagram.com/omniumcultural/","https://www.youtube.com/user/omniumcultural"]}]}</script>
<!-- / Yoast SEO plugin. -->

Mirades de l'exili, conversa entre Marta Marín-Dòmine i Xavier Antich - Òmnium Cultural

Òmnium Cultural

Llengua Cultura País
