{"id":418010,"date":"2024-07-24T13:19:59","date_gmt":"2024-07-24T11:19:59","guid":{"rendered":"https:\/\/www.omnium.cat\/?post_type=tribe_events&#038;p=418010"},"modified":"2024-07-24T13:23:10","modified_gmt":"2024-07-24T11:23:10","slug":"22a-marxa-dels-vigatans","status":"publish","type":"tribe_events","link":"https:\/\/www.omnium.cat\/ca\/activitat\/22a-marxa-dels-vigatans\/","title":{"rendered":"22a Marxa dels Vigatans"},"content":{"rendered":"<p>La Marxa dels Vigatans d\u2019enguany posa l&#8217;accent a la recuperaci\u00f3 de la mem\u00f2ria hist\u00f2rica des d\u2019un vessant esc\u00e8nic a trav\u00e9s de les arts en viu i audiovisuals.<\/p>\n<p>Un any m\u00e9s La Marxa dels Vigatans tornar\u00e0 a prendre les places i els carrers per reivindicar la necessitat de recuperar les llibertats nacionals, celebrar la Diada nacional de Catalunya a la comarca d\u2019Osona i commemorar dels fets de 1705 a 1714.<br \/>\nLa marxa, que enguany arriba a la seva 22a edici\u00f3, tamb\u00e9 representa el comprom\u00eds amb la mem\u00f2ria dels homes i dones que, de forma an\u00f2nima, van dedicar i dediquen el seu temps a fer cr\u00e9ixer el pa\u00eds que volem, sempre millor.<\/p>\n<p>El pr\u00f2xim divendres 6 de setembre, a partir de les 9 del vespre, comen\u00e7ar\u00e0 aquesta 22a edici\u00f3 amb la concentraci\u00f3 de les columnes a la pla\u00e7a Major de Vic per, moments m\u00e9s tard, iniciar la marxa fins a la pla\u00e7a de la Catedral on tindr\u00e0 lloc l\u2019acte central d\u2019aquest 2024.<\/p>\n","protected":false},"excerpt":{"rendered":"<p>La Marxa dels Vigatans d\u2019enguany posa l&#8217;accent a la recuperaci\u00f3 de la mem\u00f2ria hist\u00f2rica des d\u2019un vessant esc\u00e8nic a trav\u00e9s de les arts en viu i audiovisuals. Un any m\u00e9s [&hellip;]<\/p>\n","protected":false},"author":241,"featured_media":418016,"template":"","meta":{"_acf_changed":false,"_tribe_events_status":"","_tribe_events_status_reason":"","_tribe_events_is_hybrid":"","_tribe_events_is_virtual":"","_tribe_events_virtual_video_source":"","_tribe_events_virtual_embed_video":"","_tribe_events_virtual_linked_button_text":"","_tribe_events_virtual_linked_button":"","_tribe_events_virtual_show_embed_at":"","_tribe_events_virtual_show_embed_to":[],"_tribe_events_virtual_show_on_event":"","_tribe_events_virtual_show_on_views":"","_tribe_events_virtual_url":"","footnotes":""},"tags":[],"post_headquarter":[1752],"post_project":[],"tribe_events_cat":[],"class_list":["post-418010","tribe_events","type-tribe_events","status-publish","has-post-thumbnail","hentry","post_headquarter-osona"],"acf":[],"yoast_head":"<!-- This site is optimized with the Yoast SEO plugin v27.2 - https:\/\/yoast.com\/product\/yoast-seo-wordpress\/ -->\n<title>22a Marxa dels Vigatans - \u00d2mnium Cultural<\/title>\n<meta name=\"description\" content=\"El pr\u00f2xim divendres 6 de setembre, a partir de les 9 del vespre, comen\u00e7ar\u00e0 aquesta 22a edici\u00f3 amb la concentraci\u00f3 de les columnes a la pla\u00e7a Major de Vic.\" \/>\n<meta name=\"robots\" content=\"index, follow, max-snippet:-1, max-image-preview:large, max-video-preview:-1\" \/>\n<link rel=\"canonical\" href=\"https:\/\/www.omnium.cat\/ca\/activitat\/22a-marxa-dels-vigatans\/\" \/>\n<meta name=\"twitter:label1\" content=\"Temps estimat de lectura\" \/>\n\t<meta name=\"twitter:data1\" content=\"2 minuts\" \/>\n<script type=\"application\/ld+json\" class=\"yoast-schema-graph\">{\"@context\":\"https:\/\/schema.org\",\"@graph\":[{\"@type\":\"WebPage\",\"@id\":\"https:\/\/www.omnium.cat\/ca\/activitat\/22a-marxa-dels-vigatans\/\",\"url\":\"https:\/\/www.omnium.cat\/ca\/activitat\/22a-marxa-dels-vigatans\/\",\"name\":\"22a Marxa dels Vigatans - \u00d2mnium Cultural\",\"isPartOf\":{\"@id\":\"https:\/\/www.omnium.cat\/ca\/#website\"},\"primaryImageOfPage\":{\"@id\":\"https:\/\/www.omnium.cat\/ca\/activitat\/22a-marxa-dels-vigatans\/#primaryimage\"},\"image\":{\"@id\":\"https:\/\/www.omnium.cat\/ca\/activitat\/22a-marxa-dels-vigatans\/#primaryimage\"},\"thumbnailUrl\":\"https:\/\/cdn.omnium.cat\/wp-content\/uploads\/2024\/07\/24132256\/XXI_MarxaDelsVigatans-32-1.jpg\",\"datePublished\":\"2024-07-24T11:19:59+00:00\",\"dateModified\":\"2024-07-24T11:23:10+00:00\",\"description\":\"El pr\u00f2xim divendres 6 de setembre, a partir de les 9 del vespre, comen\u00e7ar\u00e0 aquesta 22a edici\u00f3 amb la concentraci\u00f3 de les columnes a la pla\u00e7a Major de Vic.\",\"breadcrumb\":{\"@id\":\"https:\/\/www.omnium.cat\/ca\/activitat\/22a-marxa-dels-vigatans\/#breadcrumb\"},\"inLanguage\":\"ca\",\"potentialAction\":[{\"@type\":\"ReadAction\",\"target\":[\"https:\/\/www.omnium.cat\/ca\/activitat\/22a-marxa-dels-vigatans\/\"]}]},{\"@type\":\"ImageObject\",\"inLanguage\":\"ca\",\"@id\":\"https:\/\/www.omnium.cat\/ca\/activitat\/22a-marxa-dels-vigatans\/#primaryimage\",\"url\":\"https:\/\/cdn.omnium.cat\/wp-content\/uploads\/2024\/07\/24132256\/XXI_MarxaDelsVigatans-32-1.jpg\",\"contentUrl\":\"https:\/\/cdn.omnium.cat\/wp-content\/uploads\/2024\/07\/24132256\/XXI_MarxaDelsVigatans-32-1.jpg\",\"width\":2000,\"height\":1333},{\"@type\":\"BreadcrumbList\",\"@id\":\"https:\/\/www.omnium.cat\/ca\/activitat\/22a-marxa-dels-vigatans\/#breadcrumb\",\"itemListElement\":[{\"@type\":\"ListItem\",\"position\":1,\"name\":\"Inici\",\"item\":\"https:\/\/www.omnium.cat\/ca\/\"},{\"@type\":\"ListItem\",\"position\":2,\"name\":\"Esdeveniments\",\"item\":\"https:\/\/www.omnium.cat\/ca\/llistat-activitats\/\"},{\"@type\":\"ListItem\",\"position\":3,\"name\":\"22a Marxa dels Vigatans\"}]},{\"@type\":\"WebSite\",\"@id\":\"https:\/\/www.omnium.cat\/ca\/#website\",\"url\":\"https:\/\/www.omnium.cat\/ca\/\",\"name\":\"\u00d2mnium Cultural\",\"description\":\"Llengua Cultura Pa\u00eds\",\"publisher\":{\"@id\":\"https:\/\/www.omnium.cat\/ca\/#organization\"},\"potentialAction\":[{\"@type\":\"SearchAction\",\"target\":{\"@type\":\"EntryPoint\",\"urlTemplate\":\"https:\/\/www.omnium.cat\/ca\/?s={search_term_string}\"},\"query-input\":{\"@type\":\"PropertyValueSpecification\",\"valueRequired\":true,\"valueName\":\"search_term_string\"}}],\"inLanguage\":\"ca\"},{\"@type\":\"Organization\",\"@id\":\"https:\/\/www.omnium.cat\/ca\/#organization\",\"name\":\"\u00d2mnium Cultural\",\"url\":\"https:\/\/www.omnium.cat\/ca\/\",\"logo\":{\"@type\":\"ImageObject\",\"inLanguage\":\"ca\",\"@id\":\"https:\/\/www.omnium.cat\/ca\/#\/schema\/logo\/image\/\",\"url\":\"https:\/\/cdn.omnium.cat\/wp-content\/uploads\/2019\/06\/01112517\/cropped-omnium_logo-1.png\",\"contentUrl\":\"https:\/\/cdn.omnium.cat\/wp-content\/uploads\/2019\/06\/01112517\/cropped-omnium_logo-1.png\",\"width\":1213,\"height\":262,\"caption\":\"\u00d2mnium Cultural\"},\"image\":{\"@id\":\"https:\/\/www.omnium.cat\/ca\/#\/schema\/logo\/image\/\"},\"sameAs\":[\"https:\/\/www.facebook.com\/omniumcultural\",\"https:\/\/x.com\/omnium\",\"https:\/\/www.instagram.com\/omniumcultural\/\",\"https:\/\/www.youtube.com\/user\/omniumcultural\"]}]}<\/script>\n<!-- \/ Yoast SEO plugin. -->","yoast_head_json":{"title":"22a Marxa dels Vigatans - \u00d2mnium Cultural","description":"El pr\u00f2xim divendres 6 de setembre, a partir de les 9 del vespre, comen\u00e7ar\u00e0 aquesta 22a edici\u00f3 amb la concentraci\u00f3 de les columnes a la pla\u00e7a Major de Vic.","robots":{"index":"index","follow":"follow","max-snippet":"max-snippet:-1","max-image-preview":"max-image-preview:large","max-video-preview":"max-video-preview:-1"},"canonical":"https:\/\/www.omnium.cat\/ca\/activitat\/22a-marxa-dels-vigatans\/","twitter_misc":{"Temps estimat de lectura":"2 minuts"},"schema":{"@context":"https:\/\/schema.org","@graph":[{"@type":"WebPage","@id":"https:\/\/www.omnium.cat\/ca\/activitat\/22a-marxa-dels-vigatans\/","url":"https:\/\/www.omnium.cat\/ca\/activitat\/22a-marxa-dels-vigatans\/","name":"22a Marxa dels Vigatans - \u00d2mnium Cultural","isPartOf":{"@id":"https:\/\/www.omnium.cat\/ca\/#website"},"primaryImageOfPage":{"@id":"https:\/\/www.omnium.cat\/ca\/activitat\/22a-marxa-dels-vigatans\/#primaryimage"},"image":{"@id":"https:\/\/www.omnium.cat\/ca\/activitat\/22a-marxa-dels-vigatans\/#primaryimage"},"thumbnailUrl":"https:\/\/cdn.omnium.cat\/wp-content\/uploads\/2024\/07\/24132256\/XXI_MarxaDelsVigatans-32-1.jpg","datePublished":"2024-07-24T11:19:59+00:00","dateModified":"2024-07-24T11:23:10+00:00","description":"El pr\u00f2xim divendres 6 de setembre, a partir de les 9 del vespre, comen\u00e7ar\u00e0 aquesta 22a edici\u00f3 amb la concentraci\u00f3 de les columnes a la pla\u00e7a Major de Vic.","breadcrumb":{"@id":"https:\/\/www.omnium.cat\/ca\/activitat\/22a-marxa-dels-vigatans\/#breadcrumb"},"inLanguage":"ca","potentialAction":[{"@type":"ReadAction","target":["https:\/\/www.omnium.cat\/ca\/activitat\/22a-marxa-dels-vigatans\/"]}]},{"@type":"ImageObject","inLanguage":"ca","@id":"https:\/\/www.omnium.cat\/ca\/activitat\/22a-marxa-dels-vigatans\/#primaryimage","url":"https:\/\/cdn.omnium.cat\/wp-content\/uploads\/2024\/07\/24132256\/XXI_MarxaDelsVigatans-32-1.jpg","contentUrl":"https:\/\/cdn.omnium.cat\/wp-content\/uploads\/2024\/07\/24132256\/XXI_MarxaDelsVigatans-32-1.jpg","width":2000,"height":1333},{"@type":"BreadcrumbList","@id":"https:\/\/www.omnium.cat\/ca\/activitat\/22a-marxa-dels-vigatans\/#breadcrumb","itemListElement":[{"@type":"ListItem","position":1,"name":"Inici","item":"https:\/\/www.omnium.cat\/ca\/"},{"@type":"ListItem","position":2,"name":"Esdeveniments","item":"https:\/\/www.omnium.cat\/ca\/llistat-activitats\/"},{"@type":"ListItem","position":3,"name":"22a Marxa dels Vigatans"}]},{"@type":"WebSite","@id":"https:\/\/www.omnium.cat\/ca\/#website","url":"https:\/\/www.omnium.cat\/ca\/","name":"\u00d2mnium Cultural","description":"Llengua Cultura Pa\u00eds","publisher":{"@id":"https:\/\/www.omnium.cat\/ca\/#organization"},"potentialAction":[{"@type":"SearchAction","target":{"@type":"EntryPoint","urlTemplate":"https:\/\/www.omnium.cat\/ca\/?s={search_term_string}"},"query-input":{"@type":"PropertyValueSpecification","valueRequired":true,"valueName":"search_term_string"}}],"inLanguage":"ca"},{"@type":"Organization","@id":"https:\/\/www.omnium.cat\/ca\/#organization","name":"\u00d2mnium Cultural","url":"https:\/\/www.omnium.cat\/ca\/","logo":{"@type":"ImageObject","inLanguage":"ca","@id":"https:\/\/www.omnium.cat\/ca\/#\/schema\/logo\/image\/","url":"https:\/\/cdn.omnium.cat\/wp-content\/uploads\/2019\/06\/01112517\/cropped-omnium_logo-1.png","contentUrl":"https:\/\/cdn.omnium.cat\/wp-content\/uploads\/2019\/06\/01112517\/cropped-omnium_logo-1.png","width":1213,"height":262,"caption":"\u00d2mnium Cultural"},"image":{"@id":"https:\/\/www.omnium.cat\/ca\/#\/schema\/logo\/image\/"},"sameAs":["https:\/\/www.facebook.com\/omniumcultural","https:\/\/x.com\/omnium","https:\/\/www.instagram.com\/omniumcultural\/","https:\/\/www.youtube.com\/user\/omniumcultural"]}]}},"_links":{"self":[{"href":"https:\/\/www.omnium.cat\/ca\/wp-json\/wp\/v2\/tribe_events\/418010","targetHints":{"allow":["GET"]}}],"collection":[{"href":"https:\/\/www.omnium.cat\/ca\/wp-json\/wp\/v2\/tribe_events"}],"about":[{"href":"https:\/\/www.omnium.cat\/ca\/wp-json\/wp\/v2\/types\/tribe_events"}],"author":[{"embeddable":true,"href":"https:\/\/www.omnium.cat\/ca\/wp-json\/wp\/v2\/users\/241"}],"version-history":[{"count":1,"href":"https:\/\/www.omnium.cat\/ca\/wp-json\/wp\/v2\/tribe_events\/418010\/revisions"}],"predecessor-version":[{"id":418011,"href":"https:\/\/www.omnium.cat\/ca\/wp-json\/wp\/v2\/tribe_events\/418010\/revisions\/418011"}],"wp:featuredmedia":[{"embeddable":true,"href":"https:\/\/www.omnium.cat\/ca\/wp-json\/wp\/v2\/media\/418016"}],"wp:attachment":[{"href":"https:\/\/www.omnium.cat\/ca\/wp-json\/wp\/v2\/media?parent=418010"}],"wp:term":[{"taxonomy":"post_tag","embeddable":true,"href":"https:\/\/www.omnium.cat\/ca\/wp-json\/wp\/v2\/tags?post=418010"},{"taxonomy":"post_headquarter","embeddable":true,"href":"https:\/\/www.omnium.cat\/ca\/wp-json\/wp\/v2\/post_headquarter?post=418010"},{"taxonomy":"post_project","embeddable":true,"href":"https:\/\/www.omnium.cat\/ca\/wp-json\/wp\/v2\/post_project?post=418010"},{"taxonomy":"tribe_events_cat","embeddable":true,"href":"https:\/\/www.omnium.cat\/ca\/wp-json\/wp\/v2\/tribe_events_cat?post=418010"}],"curies":[{"name":"wp","href":"https:\/\/api.w.org\/{rel}","templated":true}]}}

<p>La Marxa dels Vigatans d’enguany posa l&#8217;accent a la recuperació de la memòria històrica des d’un vessant escènic a través de les arts en viu i audiovisuals.</p>
<p>Un any més La Marxa dels Vigatans tornarà a prendre les places i els carrers per reivindicar la necessitat de recuperar les llibertats nacionals, celebrar la Diada nacional de Catalunya a la comarca d’Osona i commemorar dels fets de 1705 a 1714.<br />
La marxa, que enguany arriba a la seva 22a edició, també representa el compromís amb la memòria dels homes i dones que, de forma anònima, van dedicar i dediquen el seu temps a fer créixer el país que volem, sempre millor.</p>
<p>El pròxim divendres 6 de setembre, a partir de les 9 del vespre, començarà aquesta 22a edició amb la concentració de les columnes a la plaça Major de Vic per, moments més tard, iniciar la marxa fins a la plaça de la Catedral on tindrà lloc l’acte central d’aquest 2024.</p>

<p>La Marxa dels Vigatans d’enguany posa l&#8217;accent a la recuperació de la memòria històrica des d’un vessant escènic a través de les arts en viu i audiovisuals. Un any més [&hellip;]</p>

<!-- This site is optimized with the Yoast SEO plugin v27.2 - https://yoast.com/product/yoast-seo-wordpress/ -->
<title>22a Marxa dels Vigatans - Òmnium Cultural</title>
<meta name="description" content="El pròxim divendres 6 de setembre, a partir de les 9 del vespre, començarà aquesta 22a edició amb la concentració de les columnes a la plaça Major de Vic." />
<meta name="robots" content="index, follow, max-snippet:-1, max-image-preview:large, max-video-preview:-1" />
<link rel="canonical" href="https://www.omnium.cat/ca/activitat/22a-marxa-dels-vigatans/" />
<meta name="twitter:label1" content="Temps estimat de lectura" />
	<meta name="twitter:data1" content="2 minuts" />
<script type="application/ld+json" class="yoast-schema-graph">{"@context":"https://schema.org","@graph":[{"@type":"WebPage","@id":"https://www.omnium.cat/ca/activitat/22a-marxa-dels-vigatans/","url":"https://www.omnium.cat/ca/activitat/22a-marxa-dels-vigatans/","name":"22a Marxa dels Vigatans - Òmnium Cultural","isPartOf":{"@id":"https://www.omnium.cat/ca/#website"},"primaryImageOfPage":{"@id":"https://www.omnium.cat/ca/activitat/22a-marxa-dels-vigatans/#primaryimage"},"image":{"@id":"https://www.omnium.cat/ca/activitat/22a-marxa-dels-vigatans/#primaryimage"},"thumbnailUrl":"https://cdn.omnium.cat/wp-content/uploads/2024/07/24132256/XXI_MarxaDelsVigatans-32-1.jpg","datePublished":"2024-07-24T11:19:59+00:00","dateModified":"2024-07-24T11:23:10+00:00","description":"El pròxim divendres 6 de setembre, a partir de les 9 del vespre, començarà aquesta 22a edició amb la concentració de les columnes a la plaça Major de Vic.","breadcrumb":{"@id":"https://www.omnium.cat/ca/activitat/22a-marxa-dels-vigatans/#breadcrumb"},"inLanguage":"ca","potentialAction":[{"@type":"ReadAction","target":["https://www.omnium.cat/ca/activitat/22a-marxa-dels-vigatans/"]}]},{"@type":"ImageObject","inLanguage":"ca","@id":"https://www.omnium.cat/ca/activitat/22a-marxa-dels-vigatans/#primaryimage","url":"https://cdn.omnium.cat/wp-content/uploads/2024/07/24132256/XXI_MarxaDelsVigatans-32-1.jpg","contentUrl":"https://cdn.omnium.cat/wp-content/uploads/2024/07/24132256/XXI_MarxaDelsVigatans-32-1.jpg","width":2000,"height":1333},{"@type":"BreadcrumbList","@id":"https://www.omnium.cat/ca/activitat/22a-marxa-dels-vigatans/#breadcrumb","itemListElement":[{"@type":"ListItem","position":1,"name":"Inici","item":"https://www.omnium.cat/ca/"},{"@type":"ListItem","position":2,"name":"Esdeveniments","item":"https://www.omnium.cat/ca/llistat-activitats/"},{"@type":"ListItem","position":3,"name":"22a Marxa dels Vigatans"}]},{"@type":"WebSite","@id":"https://www.omnium.cat/ca/#website","url":"https://www.omnium.cat/ca/","name":"Òmnium Cultural","description":"Llengua Cultura País","publisher":{"@id":"https://www.omnium.cat/ca/#organization"},"potentialAction":[{"@type":"SearchAction","target":{"@type":"EntryPoint","urlTemplate":"https://www.omnium.cat/ca/?s={search_term_string}"},"query-input":{"@type":"PropertyValueSpecification","valueRequired":true,"valueName":"search_term_string"}}],"inLanguage":"ca"},{"@type":"Organization","@id":"https://www.omnium.cat/ca/#organization","name":"Òmnium Cultural","url":"https://www.omnium.cat/ca/","logo":{"@type":"ImageObject","inLanguage":"ca","@id":"https://www.omnium.cat/ca/#/schema/logo/image/","url":"https://cdn.omnium.cat/wp-content/uploads/2019/06/01112517/cropped-omnium_logo-1.png","contentUrl":"https://cdn.omnium.cat/wp-content/uploads/2019/06/01112517/cropped-omnium_logo-1.png","width":1213,"height":262,"caption":"Òmnium Cultural"},"image":{"@id":"https://www.omnium.cat/ca/#/schema/logo/image/"},"sameAs":["https://www.facebook.com/omniumcultural","https://x.com/omnium","https://www.instagram.com/omniumcultural/","https://www.youtube.com/user/omniumcultural"]}]}</script>
<!-- / Yoast SEO plugin. -->

22a Marxa dels Vigatans - Òmnium Cultural

El pròxim divendres 6 de setembre, a partir de les 9 del vespre, començarà aquesta 22a edició amb la concentració de les columnes a la plaça Major de Vic.

Òmnium Cultural

Llengua Cultura País
