{"id":42333,"date":"2018-06-15T20:51:30","date_gmt":"2018-06-15T18:51:30","guid":{"rendered":"https:\/\/www2.omnium.cat\/activitat\/visita-guiada-al-born-centre-cultural\/"},"modified":"2018-06-15T20:51:30","modified_gmt":"2018-06-15T18:51:30","slug":"visita-guiada-al-born-centre-cultural","status":"publish","type":"tribe_events","link":"https:\/\/www.omnium.cat\/ca\/activitat\/visita-guiada-al-born-centre-cultural\/","title":{"rendered":"Visita guiada al Born Centre Cultural"},"content":{"rendered":"<p align=\"JUSTIFY\" style=\"font-weight:normal;margin-bottom:0cm\"><font style=\"font-size:10pt\">Despr\u00e9s de diverses iniciatives ciutadanes que s&#8217;han desenvolupat durant el primer trimestre d&#8217;enguany, presentem ara en aquest programa les activitats que hem pogut aplegar a l&#8217;entorn de la celebraci\u00f3 del Tricentenari 1714 &#8211; 2014 a la ciutat de Reus.<br \/>\n\t&nbsp;<br \/>\n\tL&#8217;enfocament general mira de combinar dos eixos alhora: el temporal i el territorial. D&#8217;una banda, pel que fa a l&#8217;eix temporal, hem fet nostre el criteri general de no fer un plantejament historicista i, doncs, amb el lema &#8220;\u00c9rem, Som, Serem&#8221;, hem volgut fer una mirada enrere, cap als fets hist\u00f2rics, i tamb\u00e9 al present i cap al futur i, doncs, reflexionar sobre el proc\u00e9s de transici\u00f3 nacional basat en el leg\u00edtim dret de decidir el nostre futur com a naci\u00f3 que tenim els catalans. D&#8217;altra banda, pel que fa a l&#8217;eix territorial, hem intentat abordar la q\u00fcesti\u00f3 amb activitats sobre aspectes d&#8217;abast nacional i centrats a la capital catalana i tamb\u00e9 sobre fets esdevinguts a la nostra ciutat i les nostres comarques properes del Camp.<\/p>\n<p>\tEntre les activitats del Tricentenari a la nostra comarca, \u00d2mnium organitxa una visita guiada a el Centre Cultural d&#8217;<a href=\"http:\/\/elborncentrecultural.bcn.cat\/.\">El Born<\/a>, a Barcelona. Un espai clau per entendre les conseq\u00fc\u00e8ncies de la Guerra de Successi\u00f3 i el setge de Barcelona.<\/p>\n<p>\tSortida a l&#8217;avinguda de Sant Jordi a les 12 h<\/font><\/p>\n<p align=\"JUSTIFY\" style=\"font-weight:normal;margin-bottom:0cm\"><font style=\"font-size:10pt\">Tornada a les 21 h<\/font><\/p>\n<p align=\"JUSTIFY\" style=\"font-weight:normal;margin-bottom:0cm\"><font style=\"font-size:10pt\">Preu (viatge amb autob\u00fas de 55 places i entrada al Born Centre Cultural): 20 \u20ac socis d&#8217;\u00d2mnium; 25 \u20ac no socis.<\/font><\/p>\n<p align=\"JUSTIFY\" style=\"font-weight:normal;margin-bottom:0cm\"><font style=\"font-size:10pt\">Encara queden places. Inscripcions fins dimecres 2 de juny a la seu d&#8217;\u00d2mnium Baix Camp (raval de Santa Anna, 2, principal, 43201 Reus), de les 17 h a les 21 h.<\/font><\/p>\n<p align=\"JUSTIFY\" style=\"font-weight:normal;margin-bottom:0cm\"><font color=\"#000000\"><font face=\"Times New Roman, serif\"><font style=\"font-size:10pt\">Organitza: \u00d2mnium Baix Camp.<\/font><\/font><\/font><\/p>\n","protected":false},"excerpt":{"rendered":"<p><font style=\"font-size:10pt\">Preu (viatge amb autob\u00fas de 55 places i entrada al Born Centre Cultural): 20 \u20ac socis d&#8217;\u00d2mnium; 25 \u20ac no socis.<\/font><\/p>\n","protected":false},"author":61,"featured_media":42334,"template":"","meta":{"_acf_changed":false,"_tribe_events_status":"","_tribe_events_status_reason":"","_tribe_events_is_hybrid":"","_tribe_events_is_virtual":"","_tribe_events_virtual_video_source":"","_tribe_events_virtual_embed_video":"","_tribe_events_virtual_linked_button_text":"","_tribe_events_virtual_linked_button":"","_tribe_events_virtual_show_embed_at":"","_tribe_events_virtual_show_embed_to":[],"_tribe_events_virtual_show_on_event":"","_tribe_events_virtual_show_on_views":"","_tribe_events_virtual_url":"","footnotes":""},"tags":[19],"post_headquarter":[1761],"post_project":[],"tribe_events_cat":[],"class_list":["post-42333","tribe_events","type-tribe_events","status-publish","has-post-thumbnail","hentry","tag-tricentenari","post_headquarter-baix-camp"],"acf":[],"yoast_head":"<!-- This site is optimized with the Yoast SEO plugin v27.2 - https:\/\/yoast.com\/product\/yoast-seo-wordpress\/ -->\n<title>Visita guiada al Born Centre Cultural - \u00d2mnium Cultural<\/title>\n<meta name=\"robots\" content=\"index, follow, max-snippet:-1, max-image-preview:large, max-video-preview:-1\" \/>\n<link rel=\"canonical\" href=\"https:\/\/www.omnium.cat\/ca\/activitat\/visita-guiada-al-born-centre-cultural\/\" \/>\n<meta name=\"twitter:label1\" content=\"Temps estimat de lectura\" \/>\n\t<meta name=\"twitter:data1\" content=\"1 minut\" \/>\n<script type=\"application\/ld+json\" class=\"yoast-schema-graph\">{\"@context\":\"https:\/\/schema.org\",\"@graph\":[{\"@type\":\"WebPage\",\"@id\":\"https:\/\/www.omnium.cat\/ca\/activitat\/visita-guiada-al-born-centre-cultural\/\",\"url\":\"https:\/\/www.omnium.cat\/ca\/activitat\/visita-guiada-al-born-centre-cultural\/\",\"name\":\"Visita guiada al Born Centre Cultural - \u00d2mnium Cultural\",\"isPartOf\":{\"@id\":\"https:\/\/www.omnium.cat\/ca\/#website\"},\"primaryImageOfPage\":{\"@id\":\"https:\/\/www.omnium.cat\/ca\/activitat\/visita-guiada-al-born-centre-cultural\/#primaryimage\"},\"image\":{\"@id\":\"https:\/\/www.omnium.cat\/ca\/activitat\/visita-guiada-al-born-centre-cultural\/#primaryimage\"},\"thumbnailUrl\":\"https:\/\/cdn.omnium.cat\/wp-content\/uploads\/2018\/06\/01074315\/born-1.jpg\",\"datePublished\":\"2018-06-15T18:51:30+00:00\",\"breadcrumb\":{\"@id\":\"https:\/\/www.omnium.cat\/ca\/activitat\/visita-guiada-al-born-centre-cultural\/#breadcrumb\"},\"inLanguage\":\"ca\",\"potentialAction\":[{\"@type\":\"ReadAction\",\"target\":[\"https:\/\/www.omnium.cat\/ca\/activitat\/visita-guiada-al-born-centre-cultural\/\"]}]},{\"@type\":\"ImageObject\",\"inLanguage\":\"ca\",\"@id\":\"https:\/\/www.omnium.cat\/ca\/activitat\/visita-guiada-al-born-centre-cultural\/#primaryimage\",\"url\":\"https:\/\/cdn.omnium.cat\/wp-content\/uploads\/2018\/06\/01074315\/born-1.jpg\",\"contentUrl\":\"https:\/\/cdn.omnium.cat\/wp-content\/uploads\/2018\/06\/01074315\/born-1.jpg\",\"width\":1600,\"height\":1200},{\"@type\":\"BreadcrumbList\",\"@id\":\"https:\/\/www.omnium.cat\/ca\/activitat\/visita-guiada-al-born-centre-cultural\/#breadcrumb\",\"itemListElement\":[{\"@type\":\"ListItem\",\"position\":1,\"name\":\"Inici\",\"item\":\"https:\/\/www.omnium.cat\/ca\/\"},{\"@type\":\"ListItem\",\"position\":2,\"name\":\"Esdeveniments\",\"item\":\"https:\/\/www.omnium.cat\/ca\/llistat-activitats\/\"},{\"@type\":\"ListItem\",\"position\":3,\"name\":\"Visita guiada al Born Centre Cultural\"}]},{\"@type\":\"WebSite\",\"@id\":\"https:\/\/www.omnium.cat\/ca\/#website\",\"url\":\"https:\/\/www.omnium.cat\/ca\/\",\"name\":\"\u00d2mnium Cultural\",\"description\":\"Llengua Cultura Pa\u00eds\",\"publisher\":{\"@id\":\"https:\/\/www.omnium.cat\/ca\/#organization\"},\"potentialAction\":[{\"@type\":\"SearchAction\",\"target\":{\"@type\":\"EntryPoint\",\"urlTemplate\":\"https:\/\/www.omnium.cat\/ca\/?s={search_term_string}\"},\"query-input\":{\"@type\":\"PropertyValueSpecification\",\"valueRequired\":true,\"valueName\":\"search_term_string\"}}],\"inLanguage\":\"ca\"},{\"@type\":\"Organization\",\"@id\":\"https:\/\/www.omnium.cat\/ca\/#organization\",\"name\":\"\u00d2mnium Cultural\",\"url\":\"https:\/\/www.omnium.cat\/ca\/\",\"logo\":{\"@type\":\"ImageObject\",\"inLanguage\":\"ca\",\"@id\":\"https:\/\/www.omnium.cat\/ca\/#\/schema\/logo\/image\/\",\"url\":\"https:\/\/cdn.omnium.cat\/wp-content\/uploads\/2019\/06\/01112517\/cropped-omnium_logo-1.png\",\"contentUrl\":\"https:\/\/cdn.omnium.cat\/wp-content\/uploads\/2019\/06\/01112517\/cropped-omnium_logo-1.png\",\"width\":1213,\"height\":262,\"caption\":\"\u00d2mnium Cultural\"},\"image\":{\"@id\":\"https:\/\/www.omnium.cat\/ca\/#\/schema\/logo\/image\/\"},\"sameAs\":[\"https:\/\/www.facebook.com\/omniumcultural\",\"https:\/\/x.com\/omnium\",\"https:\/\/www.instagram.com\/omniumcultural\/\",\"https:\/\/www.youtube.com\/user\/omniumcultural\"]}]}<\/script>\n<!-- \/ Yoast SEO plugin. -->","yoast_head_json":{"title":"Visita guiada al Born Centre Cultural - \u00d2mnium Cultural","robots":{"index":"index","follow":"follow","max-snippet":"max-snippet:-1","max-image-preview":"max-image-preview:large","max-video-preview":"max-video-preview:-1"},"canonical":"https:\/\/www.omnium.cat\/ca\/activitat\/visita-guiada-al-born-centre-cultural\/","twitter_misc":{"Temps estimat de lectura":"1 minut"},"schema":{"@context":"https:\/\/schema.org","@graph":[{"@type":"WebPage","@id":"https:\/\/www.omnium.cat\/ca\/activitat\/visita-guiada-al-born-centre-cultural\/","url":"https:\/\/www.omnium.cat\/ca\/activitat\/visita-guiada-al-born-centre-cultural\/","name":"Visita guiada al Born Centre Cultural - \u00d2mnium Cultural","isPartOf":{"@id":"https:\/\/www.omnium.cat\/ca\/#website"},"primaryImageOfPage":{"@id":"https:\/\/www.omnium.cat\/ca\/activitat\/visita-guiada-al-born-centre-cultural\/#primaryimage"},"image":{"@id":"https:\/\/www.omnium.cat\/ca\/activitat\/visita-guiada-al-born-centre-cultural\/#primaryimage"},"thumbnailUrl":"https:\/\/cdn.omnium.cat\/wp-content\/uploads\/2018\/06\/01074315\/born-1.jpg","datePublished":"2018-06-15T18:51:30+00:00","breadcrumb":{"@id":"https:\/\/www.omnium.cat\/ca\/activitat\/visita-guiada-al-born-centre-cultural\/#breadcrumb"},"inLanguage":"ca","potentialAction":[{"@type":"ReadAction","target":["https:\/\/www.omnium.cat\/ca\/activitat\/visita-guiada-al-born-centre-cultural\/"]}]},{"@type":"ImageObject","inLanguage":"ca","@id":"https:\/\/www.omnium.cat\/ca\/activitat\/visita-guiada-al-born-centre-cultural\/#primaryimage","url":"https:\/\/cdn.omnium.cat\/wp-content\/uploads\/2018\/06\/01074315\/born-1.jpg","contentUrl":"https:\/\/cdn.omnium.cat\/wp-content\/uploads\/2018\/06\/01074315\/born-1.jpg","width":1600,"height":1200},{"@type":"BreadcrumbList","@id":"https:\/\/www.omnium.cat\/ca\/activitat\/visita-guiada-al-born-centre-cultural\/#breadcrumb","itemListElement":[{"@type":"ListItem","position":1,"name":"Inici","item":"https:\/\/www.omnium.cat\/ca\/"},{"@type":"ListItem","position":2,"name":"Esdeveniments","item":"https:\/\/www.omnium.cat\/ca\/llistat-activitats\/"},{"@type":"ListItem","position":3,"name":"Visita guiada al Born Centre Cultural"}]},{"@type":"WebSite","@id":"https:\/\/www.omnium.cat\/ca\/#website","url":"https:\/\/www.omnium.cat\/ca\/","name":"\u00d2mnium Cultural","description":"Llengua Cultura Pa\u00eds","publisher":{"@id":"https:\/\/www.omnium.cat\/ca\/#organization"},"potentialAction":[{"@type":"SearchAction","target":{"@type":"EntryPoint","urlTemplate":"https:\/\/www.omnium.cat\/ca\/?s={search_term_string}"},"query-input":{"@type":"PropertyValueSpecification","valueRequired":true,"valueName":"search_term_string"}}],"inLanguage":"ca"},{"@type":"Organization","@id":"https:\/\/www.omnium.cat\/ca\/#organization","name":"\u00d2mnium Cultural","url":"https:\/\/www.omnium.cat\/ca\/","logo":{"@type":"ImageObject","inLanguage":"ca","@id":"https:\/\/www.omnium.cat\/ca\/#\/schema\/logo\/image\/","url":"https:\/\/cdn.omnium.cat\/wp-content\/uploads\/2019\/06\/01112517\/cropped-omnium_logo-1.png","contentUrl":"https:\/\/cdn.omnium.cat\/wp-content\/uploads\/2019\/06\/01112517\/cropped-omnium_logo-1.png","width":1213,"height":262,"caption":"\u00d2mnium Cultural"},"image":{"@id":"https:\/\/www.omnium.cat\/ca\/#\/schema\/logo\/image\/"},"sameAs":["https:\/\/www.facebook.com\/omniumcultural","https:\/\/x.com\/omnium","https:\/\/www.instagram.com\/omniumcultural\/","https:\/\/www.youtube.com\/user\/omniumcultural"]}]}},"_links":{"self":[{"href":"https:\/\/www.omnium.cat\/ca\/wp-json\/wp\/v2\/tribe_events\/42333","targetHints":{"allow":["GET"]}}],"collection":[{"href":"https:\/\/www.omnium.cat\/ca\/wp-json\/wp\/v2\/tribe_events"}],"about":[{"href":"https:\/\/www.omnium.cat\/ca\/wp-json\/wp\/v2\/types\/tribe_events"}],"author":[{"embeddable":true,"href":"https:\/\/www.omnium.cat\/ca\/wp-json\/wp\/v2\/users\/61"}],"version-history":[{"count":0,"href":"https:\/\/www.omnium.cat\/ca\/wp-json\/wp\/v2\/tribe_events\/42333\/revisions"}],"wp:featuredmedia":[{"embeddable":true,"href":"https:\/\/www.omnium.cat\/ca\/wp-json\/wp\/v2\/media\/42334"}],"wp:attachment":[{"href":"https:\/\/www.omnium.cat\/ca\/wp-json\/wp\/v2\/media?parent=42333"}],"wp:term":[{"taxonomy":"post_tag","embeddable":true,"href":"https:\/\/www.omnium.cat\/ca\/wp-json\/wp\/v2\/tags?post=42333"},{"taxonomy":"post_headquarter","embeddable":true,"href":"https:\/\/www.omnium.cat\/ca\/wp-json\/wp\/v2\/post_headquarter?post=42333"},{"taxonomy":"post_project","embeddable":true,"href":"https:\/\/www.omnium.cat\/ca\/wp-json\/wp\/v2\/post_project?post=42333"},{"taxonomy":"tribe_events_cat","embeddable":true,"href":"https:\/\/www.omnium.cat\/ca\/wp-json\/wp\/v2\/tribe_events_cat?post=42333"}],"curies":[{"name":"wp","href":"https:\/\/api.w.org\/{rel}","templated":true}]}}

<p align="JUSTIFY" style="font-weight:normal;margin-bottom:0cm"><font style="font-size:10pt">Després de diverses iniciatives ciutadanes que s&#8217;han desenvolupat durant el primer trimestre d&#8217;enguany, presentem ara en aquest programa les activitats que hem pogut aplegar a l&#8217;entorn de la celebració del Tricentenari 1714 &#8211; 2014 a la ciutat de Reus.<br />
	&nbsp;<br />
	L&#8217;enfocament general mira de combinar dos eixos alhora: el temporal i el territorial. D&#8217;una banda, pel que fa a l&#8217;eix temporal, hem fet nostre el criteri general de no fer un plantejament historicista i, doncs, amb el lema &#8220;Érem, Som, Serem&#8221;, hem volgut fer una mirada enrere, cap als fets històrics, i també al present i cap al futur i, doncs, reflexionar sobre el procés de transició nacional basat en el legítim dret de decidir el nostre futur com a nació que tenim els catalans. D&#8217;altra banda, pel que fa a l&#8217;eix territorial, hem intentat abordar la qüestió amb activitats sobre aspectes d&#8217;abast nacional i centrats a la capital catalana i també sobre fets esdevinguts a la nostra ciutat i les nostres comarques properes del Camp.</p>
<p>	Entre les activitats del Tricentenari a la nostra comarca, Òmnium organitxa una visita guiada a el Centre Cultural d&#8217;<a href="http://elborncentrecultural.bcn.cat/.">El Born</a>, a Barcelona. Un espai clau per entendre les conseqüències de la Guerra de Successió i el setge de Barcelona.</p>
<p>	Sortida a l&#8217;avinguda de Sant Jordi a les 12 h</font></p>
<p align="JUSTIFY" style="font-weight:normal;margin-bottom:0cm"><font style="font-size:10pt">Tornada a les 21 h</font></p>
<p align="JUSTIFY" style="font-weight:normal;margin-bottom:0cm"><font style="font-size:10pt">Preu (viatge amb autobús de 55 places i entrada al Born Centre Cultural): 20 € socis d&#8217;Òmnium; 25 € no socis.</font></p>
<p align="JUSTIFY" style="font-weight:normal;margin-bottom:0cm"><font style="font-size:10pt">Encara queden places. Inscripcions fins dimecres 2 de juny a la seu d&#8217;Òmnium Baix Camp (raval de Santa Anna, 2, principal, 43201 Reus), de les 17 h a les 21 h.</font></p>
<p align="JUSTIFY" style="font-weight:normal;margin-bottom:0cm"><font color="#000000"><font face="Times New Roman, serif"><font style="font-size:10pt">Organitza: Òmnium Baix Camp.</font></font></font></p>

<p><font style="font-size:10pt">Preu (viatge amb autobús de 55 places i entrada al Born Centre Cultural): 20 € socis d&#8217;Òmnium; 25 € no socis.</font></p>

<!-- This site is optimized with the Yoast SEO plugin v27.2 - https://yoast.com/product/yoast-seo-wordpress/ -->
<title>Visita guiada al Born Centre Cultural - Òmnium Cultural</title>
<meta name="robots" content="index, follow, max-snippet:-1, max-image-preview:large, max-video-preview:-1" />
<link rel="canonical" href="https://www.omnium.cat/ca/activitat/visita-guiada-al-born-centre-cultural/" />
<meta name="twitter:label1" content="Temps estimat de lectura" />
	<meta name="twitter:data1" content="1 minut" />
<script type="application/ld+json" class="yoast-schema-graph">{"@context":"https://schema.org","@graph":[{"@type":"WebPage","@id":"https://www.omnium.cat/ca/activitat/visita-guiada-al-born-centre-cultural/","url":"https://www.omnium.cat/ca/activitat/visita-guiada-al-born-centre-cultural/","name":"Visita guiada al Born Centre Cultural - Òmnium Cultural","isPartOf":{"@id":"https://www.omnium.cat/ca/#website"},"primaryImageOfPage":{"@id":"https://www.omnium.cat/ca/activitat/visita-guiada-al-born-centre-cultural/#primaryimage"},"image":{"@id":"https://www.omnium.cat/ca/activitat/visita-guiada-al-born-centre-cultural/#primaryimage"},"thumbnailUrl":"https://cdn.omnium.cat/wp-content/uploads/2018/06/01074315/born-1.jpg","datePublished":"2018-06-15T18:51:30+00:00","breadcrumb":{"@id":"https://www.omnium.cat/ca/activitat/visita-guiada-al-born-centre-cultural/#breadcrumb"},"inLanguage":"ca","potentialAction":[{"@type":"ReadAction","target":["https://www.omnium.cat/ca/activitat/visita-guiada-al-born-centre-cultural/"]}]},{"@type":"ImageObject","inLanguage":"ca","@id":"https://www.omnium.cat/ca/activitat/visita-guiada-al-born-centre-cultural/#primaryimage","url":"https://cdn.omnium.cat/wp-content/uploads/2018/06/01074315/born-1.jpg","contentUrl":"https://cdn.omnium.cat/wp-content/uploads/2018/06/01074315/born-1.jpg","width":1600,"height":1200},{"@type":"BreadcrumbList","@id":"https://www.omnium.cat/ca/activitat/visita-guiada-al-born-centre-cultural/#breadcrumb","itemListElement":[{"@type":"ListItem","position":1,"name":"Inici","item":"https://www.omnium.cat/ca/"},{"@type":"ListItem","position":2,"name":"Esdeveniments","item":"https://www.omnium.cat/ca/llistat-activitats/"},{"@type":"ListItem","position":3,"name":"Visita guiada al Born Centre Cultural"}]},{"@type":"WebSite","@id":"https://www.omnium.cat/ca/#website","url":"https://www.omnium.cat/ca/","name":"Òmnium Cultural","description":"Llengua Cultura País","publisher":{"@id":"https://www.omnium.cat/ca/#organization"},"potentialAction":[{"@type":"SearchAction","target":{"@type":"EntryPoint","urlTemplate":"https://www.omnium.cat/ca/?s={search_term_string}"},"query-input":{"@type":"PropertyValueSpecification","valueRequired":true,"valueName":"search_term_string"}}],"inLanguage":"ca"},{"@type":"Organization","@id":"https://www.omnium.cat/ca/#organization","name":"Òmnium Cultural","url":"https://www.omnium.cat/ca/","logo":{"@type":"ImageObject","inLanguage":"ca","@id":"https://www.omnium.cat/ca/#/schema/logo/image/","url":"https://cdn.omnium.cat/wp-content/uploads/2019/06/01112517/cropped-omnium_logo-1.png","contentUrl":"https://cdn.omnium.cat/wp-content/uploads/2019/06/01112517/cropped-omnium_logo-1.png","width":1213,"height":262,"caption":"Òmnium Cultural"},"image":{"@id":"https://www.omnium.cat/ca/#/schema/logo/image/"},"sameAs":["https://www.facebook.com/omniumcultural","https://x.com/omnium","https://www.instagram.com/omniumcultural/","https://www.youtube.com/user/omniumcultural"]}]}</script>
<!-- / Yoast SEO plugin. -->

Visita guiada al Born Centre Cultural - Òmnium Cultural

Òmnium Cultural

Llengua Cultura País
