{"id":435816,"date":"2025-05-06T12:26:40","date_gmt":"2025-05-06T10:26:40","guid":{"rendered":"https:\/\/www.omnium.cat\/?post_type=tribe_events&#038;p=435816"},"modified":"2025-05-08T08:34:51","modified_gmt":"2025-05-08T06:34:51","slug":"apuntat-al-taller-que-farem-a-molins-de-rei","status":"publish","type":"tribe_events","link":"https:\/\/www.omnium.cat\/ca\/activitat\/apuntat-al-taller-que-farem-a-molins-de-rei\/","title":{"rendered":"Apunta&#8217;t al taller que farem a Molins de Rei!"},"content":{"rendered":"<p>&nbsp;<\/p>\n<p>Tu ets clau per mantenir viu el catal\u00e0. Apunta\u2019t al taller i trenquem junts el costum de canviar de llengua! Guanya confian\u00e7a, practica i defensa el catal\u00e0 en el teu dia a dia.<\/p>\n<ul>\n<li>\ud83d\udccd <span style=\"color: #ff6600\"><strong>CEM &#8211; Centre Excursionista Molins de Rei<\/strong><\/span>. Pla\u00e7a Josep Tarradellas, 1 . Molins de Rei<\/li>\n<li>\ud83d\uddd3\ufe0f <strong>Dissabte 10<\/strong> de maig, de 9.30 h a 13.30 h (amb pausa caf\u00e8)<\/li>\n<li><strong> Entrada lliure<\/strong> pr\u00e8via inscripci\u00f3<\/li>\n<\/ul>\n<p style=\"text-align: center\"><a class=\"omnium_orange_white_button\" href=\"https:\/\/form.jotform.com\/250262759889373\" target=\"_blank\" rel=\"noopener\">Inscriu-t&#8217;hi!<\/a><\/p>\n<p>Es tracta d&#8217;un taller participatiu a c\u00e0rrec de <strong>Carles Palau<\/strong>, de<strong> Tallers per la Llengua<\/strong>, que ens ajudar\u00e0 a:<\/p>\n<ul>\n<li><strong>Comprendre<\/strong> les causes dels h\u00e0bits ling\u00fc\u00edstics predominants entre la poblaci\u00f3 catalanoparlant i els seus efectes sobre la salut social del catal\u00e0.<\/li>\n<li><strong>Aprendre i practicar<\/strong> recursos \u00fatils per modificar aquests h\u00e0bits.<\/li>\n<li><strong>Adquirir compet\u00e8ncies<\/strong> per influir en els usos ling\u00fc\u00edstics d\u2019altres persones des d\u2019una perspectiva estrat\u00e8gica.<\/li>\n<li><strong>Intervenir estrat\u00e8gicament<\/strong> sobre els prejudicis que afecten la selecci\u00f3 de llengua<\/li>\n<\/ul>\n<p><strong>T&#8217;hi esperem!<\/strong><\/p>\n","protected":false},"excerpt":{"rendered":"<p>&nbsp; Tu ets clau per mantenir viu el catal\u00e0. Apunta\u2019t al taller i trenquem junts el costum de canviar de llengua! Guanya confian\u00e7a, practica i defensa el catal\u00e0 en el [&hellip;]<\/p>\n","protected":false},"author":67,"featured_media":436149,"template":"","meta":{"_acf_changed":false,"_tribe_events_status":"","_tribe_events_status_reason":"","_tribe_events_is_hybrid":"","_tribe_events_is_virtual":"","_tribe_events_virtual_video_source":"","_tribe_events_virtual_embed_video":"","_tribe_events_virtual_linked_button_text":"","_tribe_events_virtual_linked_button":"","_tribe_events_virtual_show_embed_at":"","_tribe_events_virtual_show_embed_to":[],"_tribe_events_virtual_show_on_event":"","_tribe_events_virtual_show_on_views":"","_tribe_events_virtual_url":"","footnotes":""},"tags":[4852,2518],"post_headquarter":[4811],"post_project":[],"tribe_events_cat":[3925,3547],"class_list":["post-435816","tribe_events","type-tribe_events","status-publish","has-post-thumbnail","hentry","tag-baix-llobregat-centre","tag-molins-de-rei","post_headquarter-baix-llobregat-centre","tribe_events_cat-activisme","tribe_events_cat-tallers","cat_activisme","cat_tallers"],"acf":[],"yoast_head":"<!-- This site is optimized with the Yoast SEO plugin v27.2 - https:\/\/yoast.com\/product\/yoast-seo-wordpress\/ -->\n<title>Apunta&#039;t al taller que farem a Molins de Rei! - \u00d2mnium Cultural<\/title>\n<meta name=\"robots\" content=\"index, follow, max-snippet:-1, max-image-preview:large, max-video-preview:-1\" \/>\n<link rel=\"canonical\" href=\"https:\/\/www.omnium.cat\/ca\/activitat\/apuntat-al-taller-que-farem-a-molins-de-rei\/\" \/>\n<meta name=\"twitter:label1\" content=\"Temps estimat de lectura\" \/>\n\t<meta name=\"twitter:data1\" content=\"1 minut\" \/>\n<script type=\"application\/ld+json\" class=\"yoast-schema-graph\">{\"@context\":\"https:\/\/schema.org\",\"@graph\":[{\"@type\":\"WebPage\",\"@id\":\"https:\/\/www.omnium.cat\/ca\/activitat\/apuntat-al-taller-que-farem-a-molins-de-rei\/\",\"url\":\"https:\/\/www.omnium.cat\/ca\/activitat\/apuntat-al-taller-que-farem-a-molins-de-rei\/\",\"name\":\"Apunta't al taller que farem a Molins de Rei! - \u00d2mnium Cultural\",\"isPartOf\":{\"@id\":\"https:\/\/www.omnium.cat\/ca\/#website\"},\"primaryImageOfPage\":{\"@id\":\"https:\/\/www.omnium.cat\/ca\/activitat\/apuntat-al-taller-que-farem-a-molins-de-rei\/#primaryimage\"},\"image\":{\"@id\":\"https:\/\/www.omnium.cat\/ca\/activitat\/apuntat-al-taller-que-farem-a-molins-de-rei\/#primaryimage\"},\"thumbnailUrl\":\"https:\/\/cdn.omnium.cat\/wp-content\/uploads\/2025\/05\/08083334\/MOL.10maig.portada.tallerllengua-1.png\",\"datePublished\":\"2025-05-06T10:26:40+00:00\",\"dateModified\":\"2025-05-08T06:34:51+00:00\",\"breadcrumb\":{\"@id\":\"https:\/\/www.omnium.cat\/ca\/activitat\/apuntat-al-taller-que-farem-a-molins-de-rei\/#breadcrumb\"},\"inLanguage\":\"ca\",\"potentialAction\":[{\"@type\":\"ReadAction\",\"target\":[\"https:\/\/www.omnium.cat\/ca\/activitat\/apuntat-al-taller-que-farem-a-molins-de-rei\/\"]}]},{\"@type\":\"ImageObject\",\"inLanguage\":\"ca\",\"@id\":\"https:\/\/www.omnium.cat\/ca\/activitat\/apuntat-al-taller-que-farem-a-molins-de-rei\/#primaryimage\",\"url\":\"https:\/\/cdn.omnium.cat\/wp-content\/uploads\/2025\/05\/08083334\/MOL.10maig.portada.tallerllengua-1.png\",\"contentUrl\":\"https:\/\/cdn.omnium.cat\/wp-content\/uploads\/2025\/05\/08083334\/MOL.10maig.portada.tallerllengua-1.png\",\"width\":1080,\"height\":540},{\"@type\":\"BreadcrumbList\",\"@id\":\"https:\/\/www.omnium.cat\/ca\/activitat\/apuntat-al-taller-que-farem-a-molins-de-rei\/#breadcrumb\",\"itemListElement\":[{\"@type\":\"ListItem\",\"position\":1,\"name\":\"Inici\",\"item\":\"https:\/\/www.omnium.cat\/ca\/\"},{\"@type\":\"ListItem\",\"position\":2,\"name\":\"Esdeveniments\",\"item\":\"https:\/\/www.omnium.cat\/ca\/llistat-activitats\/\"},{\"@type\":\"ListItem\",\"position\":3,\"name\":\"Apunta&#8217;t al taller que farem a Molins de Rei!\"}]},{\"@type\":\"WebSite\",\"@id\":\"https:\/\/www.omnium.cat\/ca\/#website\",\"url\":\"https:\/\/www.omnium.cat\/ca\/\",\"name\":\"\u00d2mnium Cultural\",\"description\":\"Llengua Cultura Pa\u00eds\",\"publisher\":{\"@id\":\"https:\/\/www.omnium.cat\/ca\/#organization\"},\"potentialAction\":[{\"@type\":\"SearchAction\",\"target\":{\"@type\":\"EntryPoint\",\"urlTemplate\":\"https:\/\/www.omnium.cat\/ca\/?s={search_term_string}\"},\"query-input\":{\"@type\":\"PropertyValueSpecification\",\"valueRequired\":true,\"valueName\":\"search_term_string\"}}],\"inLanguage\":\"ca\"},{\"@type\":\"Organization\",\"@id\":\"https:\/\/www.omnium.cat\/ca\/#organization\",\"name\":\"\u00d2mnium Cultural\",\"url\":\"https:\/\/www.omnium.cat\/ca\/\",\"logo\":{\"@type\":\"ImageObject\",\"inLanguage\":\"ca\",\"@id\":\"https:\/\/www.omnium.cat\/ca\/#\/schema\/logo\/image\/\",\"url\":\"https:\/\/cdn.omnium.cat\/wp-content\/uploads\/2019\/06\/01112517\/cropped-omnium_logo-1.png\",\"contentUrl\":\"https:\/\/cdn.omnium.cat\/wp-content\/uploads\/2019\/06\/01112517\/cropped-omnium_logo-1.png\",\"width\":1213,\"height\":262,\"caption\":\"\u00d2mnium Cultural\"},\"image\":{\"@id\":\"https:\/\/www.omnium.cat\/ca\/#\/schema\/logo\/image\/\"},\"sameAs\":[\"https:\/\/www.facebook.com\/omniumcultural\",\"https:\/\/x.com\/omnium\",\"https:\/\/www.instagram.com\/omniumcultural\/\",\"https:\/\/www.youtube.com\/user\/omniumcultural\"]}]}<\/script>\n<!-- \/ Yoast SEO plugin. -->","yoast_head_json":{"title":"Apunta't al taller que farem a Molins de Rei! - \u00d2mnium Cultural","robots":{"index":"index","follow":"follow","max-snippet":"max-snippet:-1","max-image-preview":"max-image-preview:large","max-video-preview":"max-video-preview:-1"},"canonical":"https:\/\/www.omnium.cat\/ca\/activitat\/apuntat-al-taller-que-farem-a-molins-de-rei\/","twitter_misc":{"Temps estimat de lectura":"1 minut"},"schema":{"@context":"https:\/\/schema.org","@graph":[{"@type":"WebPage","@id":"https:\/\/www.omnium.cat\/ca\/activitat\/apuntat-al-taller-que-farem-a-molins-de-rei\/","url":"https:\/\/www.omnium.cat\/ca\/activitat\/apuntat-al-taller-que-farem-a-molins-de-rei\/","name":"Apunta't al taller que farem a Molins de Rei! - \u00d2mnium Cultural","isPartOf":{"@id":"https:\/\/www.omnium.cat\/ca\/#website"},"primaryImageOfPage":{"@id":"https:\/\/www.omnium.cat\/ca\/activitat\/apuntat-al-taller-que-farem-a-molins-de-rei\/#primaryimage"},"image":{"@id":"https:\/\/www.omnium.cat\/ca\/activitat\/apuntat-al-taller-que-farem-a-molins-de-rei\/#primaryimage"},"thumbnailUrl":"https:\/\/cdn.omnium.cat\/wp-content\/uploads\/2025\/05\/08083334\/MOL.10maig.portada.tallerllengua-1.png","datePublished":"2025-05-06T10:26:40+00:00","dateModified":"2025-05-08T06:34:51+00:00","breadcrumb":{"@id":"https:\/\/www.omnium.cat\/ca\/activitat\/apuntat-al-taller-que-farem-a-molins-de-rei\/#breadcrumb"},"inLanguage":"ca","potentialAction":[{"@type":"ReadAction","target":["https:\/\/www.omnium.cat\/ca\/activitat\/apuntat-al-taller-que-farem-a-molins-de-rei\/"]}]},{"@type":"ImageObject","inLanguage":"ca","@id":"https:\/\/www.omnium.cat\/ca\/activitat\/apuntat-al-taller-que-farem-a-molins-de-rei\/#primaryimage","url":"https:\/\/cdn.omnium.cat\/wp-content\/uploads\/2025\/05\/08083334\/MOL.10maig.portada.tallerllengua-1.png","contentUrl":"https:\/\/cdn.omnium.cat\/wp-content\/uploads\/2025\/05\/08083334\/MOL.10maig.portada.tallerllengua-1.png","width":1080,"height":540},{"@type":"BreadcrumbList","@id":"https:\/\/www.omnium.cat\/ca\/activitat\/apuntat-al-taller-que-farem-a-molins-de-rei\/#breadcrumb","itemListElement":[{"@type":"ListItem","position":1,"name":"Inici","item":"https:\/\/www.omnium.cat\/ca\/"},{"@type":"ListItem","position":2,"name":"Esdeveniments","item":"https:\/\/www.omnium.cat\/ca\/llistat-activitats\/"},{"@type":"ListItem","position":3,"name":"Apunta&#8217;t al taller que farem a Molins de Rei!"}]},{"@type":"WebSite","@id":"https:\/\/www.omnium.cat\/ca\/#website","url":"https:\/\/www.omnium.cat\/ca\/","name":"\u00d2mnium Cultural","description":"Llengua Cultura Pa\u00eds","publisher":{"@id":"https:\/\/www.omnium.cat\/ca\/#organization"},"potentialAction":[{"@type":"SearchAction","target":{"@type":"EntryPoint","urlTemplate":"https:\/\/www.omnium.cat\/ca\/?s={search_term_string}"},"query-input":{"@type":"PropertyValueSpecification","valueRequired":true,"valueName":"search_term_string"}}],"inLanguage":"ca"},{"@type":"Organization","@id":"https:\/\/www.omnium.cat\/ca\/#organization","name":"\u00d2mnium Cultural","url":"https:\/\/www.omnium.cat\/ca\/","logo":{"@type":"ImageObject","inLanguage":"ca","@id":"https:\/\/www.omnium.cat\/ca\/#\/schema\/logo\/image\/","url":"https:\/\/cdn.omnium.cat\/wp-content\/uploads\/2019\/06\/01112517\/cropped-omnium_logo-1.png","contentUrl":"https:\/\/cdn.omnium.cat\/wp-content\/uploads\/2019\/06\/01112517\/cropped-omnium_logo-1.png","width":1213,"height":262,"caption":"\u00d2mnium Cultural"},"image":{"@id":"https:\/\/www.omnium.cat\/ca\/#\/schema\/logo\/image\/"},"sameAs":["https:\/\/www.facebook.com\/omniumcultural","https:\/\/x.com\/omnium","https:\/\/www.instagram.com\/omniumcultural\/","https:\/\/www.youtube.com\/user\/omniumcultural"]}]}},"_links":{"self":[{"href":"https:\/\/www.omnium.cat\/ca\/wp-json\/wp\/v2\/tribe_events\/435816","targetHints":{"allow":["GET"]}}],"collection":[{"href":"https:\/\/www.omnium.cat\/ca\/wp-json\/wp\/v2\/tribe_events"}],"about":[{"href":"https:\/\/www.omnium.cat\/ca\/wp-json\/wp\/v2\/types\/tribe_events"}],"author":[{"embeddable":true,"href":"https:\/\/www.omnium.cat\/ca\/wp-json\/wp\/v2\/users\/67"}],"version-history":[{"count":4,"href":"https:\/\/www.omnium.cat\/ca\/wp-json\/wp\/v2\/tribe_events\/435816\/revisions"}],"predecessor-version":[{"id":436148,"href":"https:\/\/www.omnium.cat\/ca\/wp-json\/wp\/v2\/tribe_events\/435816\/revisions\/436148"}],"wp:featuredmedia":[{"embeddable":true,"href":"https:\/\/www.omnium.cat\/ca\/wp-json\/wp\/v2\/media\/436149"}],"wp:attachment":[{"href":"https:\/\/www.omnium.cat\/ca\/wp-json\/wp\/v2\/media?parent=435816"}],"wp:term":[{"taxonomy":"post_tag","embeddable":true,"href":"https:\/\/www.omnium.cat\/ca\/wp-json\/wp\/v2\/tags?post=435816"},{"taxonomy":"post_headquarter","embeddable":true,"href":"https:\/\/www.omnium.cat\/ca\/wp-json\/wp\/v2\/post_headquarter?post=435816"},{"taxonomy":"post_project","embeddable":true,"href":"https:\/\/www.omnium.cat\/ca\/wp-json\/wp\/v2\/post_project?post=435816"},{"taxonomy":"tribe_events_cat","embeddable":true,"href":"https:\/\/www.omnium.cat\/ca\/wp-json\/wp\/v2\/tribe_events_cat?post=435816"}],"curies":[{"name":"wp","href":"https:\/\/api.w.org\/{rel}","templated":true}]}}

<p>&nbsp;</p>
<p>Tu ets clau per mantenir viu el català. Apunta’t al taller i trenquem junts el costum de canviar de llengua! Guanya confiança, practica i defensa el català en el teu dia a dia.</p>
<ul>
<li>📍 <span style="color: #ff6600"><strong>CEM &#8211; Centre Excursionista Molins de Rei</strong></span>. Plaça Josep Tarradellas, 1 . Molins de Rei</li>
<li>🗓️ <strong>Dissabte 10</strong> de maig, de 9.30 h a 13.30 h (amb pausa cafè)</li>
<li><strong> Entrada lliure</strong> prèvia inscripció</li>
</ul>
<p style="text-align: center"><a class="omnium_orange_white_button" href="https://form.jotform.com/250262759889373" target="_blank" rel="noopener">Inscriu-t&#8217;hi!</a></p>
<p>Es tracta d&#8217;un taller participatiu a càrrec de <strong>Carles Palau</strong>, de<strong> Tallers per la Llengua</strong>, que ens ajudarà a:</p>
<ul>
<li><strong>Comprendre</strong> les causes dels hàbits lingüístics predominants entre la població catalanoparlant i els seus efectes sobre la salut social del català.</li>
<li><strong>Aprendre i practicar</strong> recursos útils per modificar aquests hàbits.</li>
<li><strong>Adquirir competències</strong> per influir en els usos lingüístics d’altres persones des d’una perspectiva estratègica.</li>
<li><strong>Intervenir estratègicament</strong> sobre els prejudicis que afecten la selecció de llengua</li>
</ul>
<p><strong>T&#8217;hi esperem!</strong></p>

<p>&nbsp; Tu ets clau per mantenir viu el català. Apunta’t al taller i trenquem junts el costum de canviar de llengua! Guanya confiança, practica i defensa el català en el [&hellip;]</p>

<!-- This site is optimized with the Yoast SEO plugin v27.2 - https://yoast.com/product/yoast-seo-wordpress/ -->
<title>Apunta&#039;t al taller que farem a Molins de Rei! - Òmnium Cultural</title>
<meta name="robots" content="index, follow, max-snippet:-1, max-image-preview:large, max-video-preview:-1" />
<link rel="canonical" href="https://www.omnium.cat/ca/activitat/apuntat-al-taller-que-farem-a-molins-de-rei/" />
<meta name="twitter:label1" content="Temps estimat de lectura" />
	<meta name="twitter:data1" content="1 minut" />
<script type="application/ld+json" class="yoast-schema-graph">{"@context":"https://schema.org","@graph":[{"@type":"WebPage","@id":"https://www.omnium.cat/ca/activitat/apuntat-al-taller-que-farem-a-molins-de-rei/","url":"https://www.omnium.cat/ca/activitat/apuntat-al-taller-que-farem-a-molins-de-rei/","name":"Apunta't al taller que farem a Molins de Rei! - Òmnium Cultural","isPartOf":{"@id":"https://www.omnium.cat/ca/#website"},"primaryImageOfPage":{"@id":"https://www.omnium.cat/ca/activitat/apuntat-al-taller-que-farem-a-molins-de-rei/#primaryimage"},"image":{"@id":"https://www.omnium.cat/ca/activitat/apuntat-al-taller-que-farem-a-molins-de-rei/#primaryimage"},"thumbnailUrl":"https://cdn.omnium.cat/wp-content/uploads/2025/05/08083334/MOL.10maig.portada.tallerllengua-1.png","datePublished":"2025-05-06T10:26:40+00:00","dateModified":"2025-05-08T06:34:51+00:00","breadcrumb":{"@id":"https://www.omnium.cat/ca/activitat/apuntat-al-taller-que-farem-a-molins-de-rei/#breadcrumb"},"inLanguage":"ca","potentialAction":[{"@type":"ReadAction","target":["https://www.omnium.cat/ca/activitat/apuntat-al-taller-que-farem-a-molins-de-rei/"]}]},{"@type":"ImageObject","inLanguage":"ca","@id":"https://www.omnium.cat/ca/activitat/apuntat-al-taller-que-farem-a-molins-de-rei/#primaryimage","url":"https://cdn.omnium.cat/wp-content/uploads/2025/05/08083334/MOL.10maig.portada.tallerllengua-1.png","contentUrl":"https://cdn.omnium.cat/wp-content/uploads/2025/05/08083334/MOL.10maig.portada.tallerllengua-1.png","width":1080,"height":540},{"@type":"BreadcrumbList","@id":"https://www.omnium.cat/ca/activitat/apuntat-al-taller-que-farem-a-molins-de-rei/#breadcrumb","itemListElement":[{"@type":"ListItem","position":1,"name":"Inici","item":"https://www.omnium.cat/ca/"},{"@type":"ListItem","position":2,"name":"Esdeveniments","item":"https://www.omnium.cat/ca/llistat-activitats/"},{"@type":"ListItem","position":3,"name":"Apunta&#8217;t al taller que farem a Molins de Rei!"}]},{"@type":"WebSite","@id":"https://www.omnium.cat/ca/#website","url":"https://www.omnium.cat/ca/","name":"Òmnium Cultural","description":"Llengua Cultura País","publisher":{"@id":"https://www.omnium.cat/ca/#organization"},"potentialAction":[{"@type":"SearchAction","target":{"@type":"EntryPoint","urlTemplate":"https://www.omnium.cat/ca/?s={search_term_string}"},"query-input":{"@type":"PropertyValueSpecification","valueRequired":true,"valueName":"search_term_string"}}],"inLanguage":"ca"},{"@type":"Organization","@id":"https://www.omnium.cat/ca/#organization","name":"Òmnium Cultural","url":"https://www.omnium.cat/ca/","logo":{"@type":"ImageObject","inLanguage":"ca","@id":"https://www.omnium.cat/ca/#/schema/logo/image/","url":"https://cdn.omnium.cat/wp-content/uploads/2019/06/01112517/cropped-omnium_logo-1.png","contentUrl":"https://cdn.omnium.cat/wp-content/uploads/2019/06/01112517/cropped-omnium_logo-1.png","width":1213,"height":262,"caption":"Òmnium Cultural"},"image":{"@id":"https://www.omnium.cat/ca/#/schema/logo/image/"},"sameAs":["https://www.facebook.com/omniumcultural","https://x.com/omnium","https://www.instagram.com/omniumcultural/","https://www.youtube.com/user/omniumcultural"]}]}</script>
<!-- / Yoast SEO plugin. -->

Apunta't al taller que farem a Molins de Rei! - Òmnium Cultural

Òmnium Cultural

Llengua Cultura País
